{"id":8620,"date":"2021-11-24T14:47:31","date_gmt":"2021-11-24T13:47:31","guid":{"rendered":"http:\/\/ecn.kielce.pl\/?page_id=8620"},"modified":"2021-11-24T15:02:58","modified_gmt":"2021-11-24T14:02:58","slug":"czy-kopalnia-moze-byc-zwiazana-z-inwestycja-w-zielona-energie","status":"publish","type":"page","link":"https:\/\/ecn.kielce.pl\/index.php\/pl\/oferta\/ecn-on-line\/eco-friendly-z-projektem-green-thinking\/czy-kopalnia-moze-byc-zwiazana-z-inwestycja-w-zielona-energie\/","title":{"rendered":"Czy kopalnia mo\u017ce by\u0107 zwi\u0105zana z inwestycj\u0105 w zielon\u0105 energi\u0119?"},"content":{"rendered":"\n<p><strong>Na terenie zamkni\u0119tej niedawno Kopalni W\u0119gla Brunatnego Adam\u00f3w zosta\u0142a otwarta najwi\u0119ksza elektrownia s\u0142oneczna w Polsce.<\/strong> <!--more-->Farma fotowoltaiczna w Brudzewie rozpocz\u0119\u0142a dzia\u0142alno\u015b\u0107 28 pa\u017adziernika 2021. Sk\u0142ada si\u0119 ze 155 554 modu\u0142\u00f3w fotowoltaicznych o \u0142\u0105cznej mocy 70 MW i zajmuje ok. 100 ha terenu.<\/p>\n<p>Jej moc jest ponad 18,5 razy wi\u0119ksza od mocy najwi\u0119kszej dzia\u0142aj\u0105cej do tej pory w Polsce elektrowni fotowoltaicznej znajduj\u0105cej si\u0119 w Czernikowie ko\u0142o Torunia, jej moc wynosi 3,77 MW (mogli\u015bcie o niej przeczyta\u0107 w ciekawostce #11 <a href=\"https:\/\/ecn.kielce.pl\/index.php\/pl\/oferta\/ecn-on-line\/eco-friendly-z-projektem-green-thinking\/najwieksze-elektrownie-fotowoltaiczne\/\">TUTAJ<\/a>).<\/p>\n<p>Rocznie elektrownia w Brudzewie ma produkowa\u0107 ok. 68 188 MWh, co prze\u0142o\u017cy si\u0119 na zmniejszenie emisji CO2 na poziomie 56,7 tysi\u0119cy ton CO2 rocznie.<\/p>\n","protected":false},"excerpt":{"rendered":"<p>Na terenie zamkni\u0119tej niedawno Kopalni W\u0119gla Brunatnego Adam\u00f3w zosta\u0142a otwarta najwi\u0119ksza elektrownia s\u0142oneczna w Polsce.<\/p>\n","protected":false},"author":2,"featured_media":8623,"parent":7671,"menu_order":34,"comment_status":"closed","ping_status":"closed","template":"pt_oferta.php","meta":{"_links_to":"","_links_to_target":""},"_links":{"self":[{"href":"https:\/\/ecn.kielce.pl\/index.php\/wp-json\/wp\/v2\/pages\/8620"}],"collection":[{"href":"https:\/\/ecn.kielce.pl\/index.php\/wp-json\/wp\/v2\/pages"}],"about":[{"href":"https:\/\/ecn.kielce.pl\/index.php\/wp-json\/wp\/v2\/types\/page"}],"author":[{"embeddable":true,"href":"https:\/\/ecn.kielce.pl\/index.php\/wp-json\/wp\/v2\/users\/2"}],"replies":[{"embeddable":true,"href":"https:\/\/ecn.kielce.pl\/index.php\/wp-json\/wp\/v2\/comments?post=8620"}],"version-history":[{"count":2,"href":"https:\/\/ecn.kielce.pl\/index.php\/wp-json\/wp\/v2\/pages\/8620\/revisions"}],"predecessor-version":[{"id":8624,"href":"https:\/\/ecn.kielce.pl\/index.php\/wp-json\/wp\/v2\/pages\/8620\/revisions\/8624"}],"up":[{"embeddable":true,"href":"https:\/\/ecn.kielce.pl\/index.php\/wp-json\/wp\/v2\/pages\/7671"}],"wp:featuredmedia":[{"embeddable":true,"href":"https:\/\/ecn.kielce.pl\/index.php\/wp-json\/wp\/v2\/media\/8623"}],"wp:attachment":[{"href":"https:\/\/ecn.kielce.pl\/index.php\/wp-json\/wp\/v2\/media?parent=8620"}],"curies":[{"name":"wp","href":"https:\/\/api.w.org\/{rel}","templated":true}]}}