{"id":8551,"date":"2021-10-20T15:13:18","date_gmt":"2021-10-20T13:13:18","guid":{"rendered":"http:\/\/ecn.kielce.pl\/?page_id=8551"},"modified":"2021-10-20T15:13:19","modified_gmt":"2021-10-20T13:13:19","slug":"plusy-i-minusy-biomasy","status":"publish","type":"page","link":"https:\/\/ecn.kielce.pl\/index.php\/pl\/oferta\/ecn-on-line\/eco-friendly-z-projektem-green-thinking\/plusy-i-minusy-biomasy\/","title":{"rendered":"Plusy i minusy biomasy"},"content":{"rendered":"\n<p><strong>Biomasa to jedno z najstarszych \u017ar\u00f3de\u0142 energii odnawialnej. Jej szerokie mo\u017cliwo\u015bci u\u017cycia sprawiaj\u0105, \u017ce wymienia si\u0119 nie tylko jej zalety, ale i wady. Poni\u017cej kr\u00f3tkie zestawienie plus\u00f3w i minus\u00f3w wykorzystania tego \u017ar\u00f3d\u0142a energii.<\/strong><!--more--><\/p>\n<hr \/>\n<p><strong>Zalety:<\/strong><br \/>&#8211; \u017ar\u00f3d\u0142o ekologiczne, naturalne<br \/>&#8211; \u017ar\u00f3d\u0142o odtwarzalne, mo\u017cliwe do uprawy<br \/>&#8211; rozwi\u0105zuje problem zagospodarowania nieu\u017cytk\u00f3w <br \/>&#8211; umo\u017cliwia utylizacj\u0119 odpad\u00f3w pochodzenia organicznego (z sektora rolniczego, le\u015bnego, spo\u017cywczego) <br \/>&#8211; ogranicza emisj\u0119 CO2 z paliw nieodnawialnych<br \/>&#8211; dost\u0119pna na ca\u0142ej powierzchni Ziemi<\/p>\n<p><strong>Wady:<\/strong><br \/>&#8211; problemy zwi\u0105zane z magazynowaniem i transportem <br \/>&#8211; mniejsza ni\u017c w przypadku paliw kopalnych warto\u015b\u0107 energetyczna surowca<br \/>&#8211; zmniejszenie bior\u00f3\u017cnorodno\u015bci przy wprowadzeniu monokultur ro\u015blin energetycznych<br \/>&#8211; emisja tlenk\u00f3w azotu, dioksyn i furan\u00f3w (w przypadku spalania biomasy zanieczyszczonej pestycydami)<br \/>&#8211; prowadzenie upraw energetycznych kosztem upraw przeznaczanych do produkcji \u017cywno\u015bci<br \/>&#8211; sezonowa dost\u0119pno\u015b\u0107 niekt\u00f3rych surowc\u00f3w<\/p>\n","protected":false},"excerpt":{"rendered":"<p>Biomasa to jedno z najstarszych \u017ar\u00f3de\u0142 energii odnawialnej. Jej szerokie mo\u017cliwo\u015bci u\u017cycia sprawiaj\u0105, \u017ce wymienia si\u0119 nie tylko jej zalety, ale i wady. Poni\u017cej kr\u00f3tkie zestawienie plus\u00f3w i minus\u00f3w wykorzystania tego \u017ar\u00f3d\u0142a energii.<\/p>\n","protected":false},"author":2,"featured_media":8552,"parent":7671,"menu_order":29,"comment_status":"closed","ping_status":"closed","template":"pt_oferta.php","meta":{"_links_to":"","_links_to_target":""},"_links":{"self":[{"href":"https:\/\/ecn.kielce.pl\/index.php\/wp-json\/wp\/v2\/pages\/8551"}],"collection":[{"href":"https:\/\/ecn.kielce.pl\/index.php\/wp-json\/wp\/v2\/pages"}],"about":[{"href":"https:\/\/ecn.kielce.pl\/index.php\/wp-json\/wp\/v2\/types\/page"}],"author":[{"embeddable":true,"href":"https:\/\/ecn.kielce.pl\/index.php\/wp-json\/wp\/v2\/users\/2"}],"replies":[{"embeddable":true,"href":"https:\/\/ecn.kielce.pl\/index.php\/wp-json\/wp\/v2\/comments?post=8551"}],"version-history":[{"count":1,"href":"https:\/\/ecn.kielce.pl\/index.php\/wp-json\/wp\/v2\/pages\/8551\/revisions"}],"predecessor-version":[{"id":8553,"href":"https:\/\/ecn.kielce.pl\/index.php\/wp-json\/wp\/v2\/pages\/8551\/revisions\/8553"}],"up":[{"embeddable":true,"href":"https:\/\/ecn.kielce.pl\/index.php\/wp-json\/wp\/v2\/pages\/7671"}],"wp:featuredmedia":[{"embeddable":true,"href":"https:\/\/ecn.kielce.pl\/index.php\/wp-json\/wp\/v2\/media\/8552"}],"wp:attachment":[{"href":"https:\/\/ecn.kielce.pl\/index.php\/wp-json\/wp\/v2\/media?parent=8551"}],"curies":[{"name":"wp","href":"https:\/\/api.w.org\/{rel}","templated":true}]}}