{"id":8544,"date":"2021-10-13T11:14:32","date_gmt":"2021-10-13T09:14:32","guid":{"rendered":"http:\/\/ecn.kielce.pl\/?page_id=8544"},"modified":"2021-10-13T11:14:33","modified_gmt":"2021-10-13T09:14:33","slug":"energia-pozyskiwana-przez-panele-sloneczne","status":"publish","type":"page","link":"https:\/\/ecn.kielce.pl\/index.php\/pl\/oferta\/ecn-on-line\/eco-friendly-z-projektem-green-thinking\/energia-pozyskiwana-przez-panele-sloneczne\/","title":{"rendered":"Energia pozyskiwana przez panele s\u0142oneczne"},"content":{"rendered":"\n<p><strong>Czy wiecie, \u017ce fotoogniwa nie potrafi\u0105 zamieni\u0107 energii wszystkich foton\u00f3w na energi\u0119 elektryczn\u0105?<\/strong><!--more--><\/p>\n<p>Obecnie na skal\u0119 przemys\u0142ow\u0105 produkuje si\u0119 fotoogniwa o wydajno\u015bci 15% &#8211; 20%. Ale technologia ta pr\u0119\u017cnie si\u0119 rozwija i testowane s\u0105 ju\u017c prototypy o wydajno\u015bci nawet 45%.<\/p>\n<p>Fotoogniwa cz\u0119sto mo\u017cna spotka\u0107 na dachach dom\u00f3w lub w elektrowniach s\u0142onecznych, gdzie skupione s\u0105 na du\u017cych po\u0142aciach terenu. Elektrownia Solar Star w Stanach Zjednoczonych zajmuje powierzchni\u0119 13 km2 i generuje 580 MW (milion\u00f3w wat\u00f3w) mocy, czyli tyle, ile potrzebuje oko\u0142o 230 tys. gospodarstw domowych.<\/p>\n","protected":false},"excerpt":{"rendered":"<p>Czy wiecie, \u017ce fotoogniwa nie potrafi\u0105 zamieni\u0107 energii wszystkich foton\u00f3w na energi\u0119 elektryczn\u0105?<\/p>\n","protected":false},"author":2,"featured_media":8546,"parent":7671,"menu_order":28,"comment_status":"closed","ping_status":"closed","template":"pt_oferta.php","meta":{"_links_to":"","_links_to_target":""},"_links":{"self":[{"href":"https:\/\/ecn.kielce.pl\/index.php\/wp-json\/wp\/v2\/pages\/8544"}],"collection":[{"href":"https:\/\/ecn.kielce.pl\/index.php\/wp-json\/wp\/v2\/pages"}],"about":[{"href":"https:\/\/ecn.kielce.pl\/index.php\/wp-json\/wp\/v2\/types\/page"}],"author":[{"embeddable":true,"href":"https:\/\/ecn.kielce.pl\/index.php\/wp-json\/wp\/v2\/users\/2"}],"replies":[{"embeddable":true,"href":"https:\/\/ecn.kielce.pl\/index.php\/wp-json\/wp\/v2\/comments?post=8544"}],"version-history":[{"count":1,"href":"https:\/\/ecn.kielce.pl\/index.php\/wp-json\/wp\/v2\/pages\/8544\/revisions"}],"predecessor-version":[{"id":8545,"href":"https:\/\/ecn.kielce.pl\/index.php\/wp-json\/wp\/v2\/pages\/8544\/revisions\/8545"}],"up":[{"embeddable":true,"href":"https:\/\/ecn.kielce.pl\/index.php\/wp-json\/wp\/v2\/pages\/7671"}],"wp:featuredmedia":[{"embeddable":true,"href":"https:\/\/ecn.kielce.pl\/index.php\/wp-json\/wp\/v2\/media\/8546"}],"wp:attachment":[{"href":"https:\/\/ecn.kielce.pl\/index.php\/wp-json\/wp\/v2\/media?parent=8544"}],"curies":[{"name":"wp","href":"https:\/\/api.w.org\/{rel}","templated":true}]}}