{"id":7933,"date":"2021-03-31T18:22:45","date_gmt":"2021-03-31T16:22:45","guid":{"rendered":"http:\/\/ecn.kielce.pl\/?page_id=7933"},"modified":"2021-03-31T18:22:46","modified_gmt":"2021-03-31T16:22:46","slug":"swiateczny-kurczaczek-na-rzezuche","status":"publish","type":"page","link":"https:\/\/ecn.kielce.pl\/index.php\/pl\/oferta\/ecn-on-line\/wielkanocne-przygotowania-z-druzynamocy\/swiateczny-kurczaczek-na-rzezuche\/","title":{"rendered":"\u015awi\u0105teczny kurczaczek na rze\u017cuch\u0119"},"content":{"rendered":"\n<p><strong data-rich-text-format-boundary=\"true\">Jak zrobi\u0107 wielkanocnego kurczaczka, kt\u00f3ry pos\u0142u\u017cy jako podstawka pod rze\u017cuch\u0119 i wyj\u0105tkowa dekoracja \u015bwi\u0105teczna?<\/strong><!--more--><\/p>\n<p><iframe title=\"Eksperymentuj z nami: \u015awi\u0105teczny kurczaczek na rze\u017cuch\u0119\" width=\"500\" height=\"281\" src=\"https:\/\/www.youtube.com\/embed\/2SP4bx3UcBM?feature=oembed\" frameborder=\"0\" allow=\"accelerometer; autoplay; clipboard-write; encrypted-media; gyroscope; picture-in-picture\" allowfullscreen><\/iframe><\/p>\n","protected":false},"excerpt":{"rendered":"<p>Jak zrobi\u0107 wielkanocnego kurczaczka, kt\u00f3ry pos\u0142u\u017cy jako podstawka pod rze\u017cuch\u0119 i wyj\u0105tkowa dekoracja \u015bwi\u0105teczna?<\/p>\n","protected":false},"author":2,"featured_media":5941,"parent":7925,"menu_order":2,"comment_status":"closed","ping_status":"closed","template":"pt_oferta.php","meta":{"_links_to":"","_links_to_target":""},"_links":{"self":[{"href":"https:\/\/ecn.kielce.pl\/index.php\/wp-json\/wp\/v2\/pages\/7933"}],"collection":[{"href":"https:\/\/ecn.kielce.pl\/index.php\/wp-json\/wp\/v2\/pages"}],"about":[{"href":"https:\/\/ecn.kielce.pl\/index.php\/wp-json\/wp\/v2\/types\/page"}],"author":[{"embeddable":true,"href":"https:\/\/ecn.kielce.pl\/index.php\/wp-json\/wp\/v2\/users\/2"}],"replies":[{"embeddable":true,"href":"https:\/\/ecn.kielce.pl\/index.php\/wp-json\/wp\/v2\/comments?post=7933"}],"version-history":[{"count":1,"href":"https:\/\/ecn.kielce.pl\/index.php\/wp-json\/wp\/v2\/pages\/7933\/revisions"}],"predecessor-version":[{"id":7934,"href":"https:\/\/ecn.kielce.pl\/index.php\/wp-json\/wp\/v2\/pages\/7933\/revisions\/7934"}],"up":[{"embeddable":true,"href":"https:\/\/ecn.kielce.pl\/index.php\/wp-json\/wp\/v2\/pages\/7925"}],"wp:featuredmedia":[{"embeddable":true,"href":"https:\/\/ecn.kielce.pl\/index.php\/wp-json\/wp\/v2\/media\/5941"}],"wp:attachment":[{"href":"https:\/\/ecn.kielce.pl\/index.php\/wp-json\/wp\/v2\/media?parent=7933"}],"curies":[{"name":"wp","href":"https:\/\/api.w.org\/{rel}","templated":true}]}}