{"id":7889,"date":"2021-03-24T08:00:00","date_gmt":"2021-03-24T07:00:00","guid":{"rendered":"http:\/\/ecn.kielce.pl\/?page_id=7889"},"modified":"2021-03-16T14:55:01","modified_gmt":"2021-03-16T13:55:01","slug":"gdzie-w-polsce-jest-najwiecej-wiatrakow","status":"publish","type":"page","link":"https:\/\/ecn.kielce.pl\/index.php\/pl\/oferta\/ecn-on-line\/eco-friendly-z-projektem-green-thinking\/gdzie-w-polsce-jest-najwiecej-wiatrakow\/","title":{"rendered":"Gdzie w Polsce jest najwi\u0119cej wiatrak\u00f3w?"},"content":{"rendered":"\n<p><strong>Spo\u015br\u00f3d odnawialnych \u017ar\u00f3de\u0142 energii wykorzystywanych w Polsce zdecydowany prym wiedzie energia wiatrowa. Ale gdzie jest najwi\u0119cej wiatrak\u00f3w?<\/strong> <!--more--><\/p>\n<hr \/>\n<p>P\u0142aska powierzchnia morza pozwala na wyst\u0119powanie najsilniejszych wiatr\u00f3w, dla kt\u00f3rych nie istniej\u0105 \u017cadne bariery przestrzenne. Z tych oto powod\u00f3w najwi\u0119cej wiatrak\u00f3w jest w\u0142a\u015bnie na Pomorzu.<\/p>\n","protected":false},"excerpt":{"rendered":"<p>Spo\u015br\u00f3d odnawialnych \u017ar\u00f3de\u0142 energii wykorzystywanych w Polsce zdecydowany prym wiedzie energia wiatrowa. Ale gdzie jest najwi\u0119cej wiatrak\u00f3w?<\/p>\n","protected":false},"author":2,"featured_media":7890,"parent":7671,"menu_order":13,"comment_status":"closed","ping_status":"closed","template":"pt_oferta.php","meta":{"_links_to":"","_links_to_target":""},"_links":{"self":[{"href":"https:\/\/ecn.kielce.pl\/index.php\/wp-json\/wp\/v2\/pages\/7889"}],"collection":[{"href":"https:\/\/ecn.kielce.pl\/index.php\/wp-json\/wp\/v2\/pages"}],"about":[{"href":"https:\/\/ecn.kielce.pl\/index.php\/wp-json\/wp\/v2\/types\/page"}],"author":[{"embeddable":true,"href":"https:\/\/ecn.kielce.pl\/index.php\/wp-json\/wp\/v2\/users\/2"}],"replies":[{"embeddable":true,"href":"https:\/\/ecn.kielce.pl\/index.php\/wp-json\/wp\/v2\/comments?post=7889"}],"version-history":[{"count":1,"href":"https:\/\/ecn.kielce.pl\/index.php\/wp-json\/wp\/v2\/pages\/7889\/revisions"}],"predecessor-version":[{"id":7891,"href":"https:\/\/ecn.kielce.pl\/index.php\/wp-json\/wp\/v2\/pages\/7889\/revisions\/7891"}],"up":[{"embeddable":true,"href":"https:\/\/ecn.kielce.pl\/index.php\/wp-json\/wp\/v2\/pages\/7671"}],"wp:featuredmedia":[{"embeddable":true,"href":"https:\/\/ecn.kielce.pl\/index.php\/wp-json\/wp\/v2\/media\/7890"}],"wp:attachment":[{"href":"https:\/\/ecn.kielce.pl\/index.php\/wp-json\/wp\/v2\/media?parent=7889"}],"curies":[{"name":"wp","href":"https:\/\/api.w.org\/{rel}","templated":true}]}}

Gdzie w Polsce jest najwięcej wiatraków?

<p><strong>Spośród odnawialnych źródeł energii wykorzystywanych w Polsce zdecydowany prym wiedzie energia wiatrowa. Ale gdzie jest najwięcej wiatraków?</strong> <!--more--></p>
<hr />
<p>Płaska powierzchnia morza pozwala na występowanie najsilniejszych wiatrów, dla których nie istnieją żadne bariery przestrzenne. Z tych oto powodów najwięcej wiatraków jest właśnie na Pomorzu.</p>

<p>Spośród odnawialnych źródeł energii wykorzystywanych w Polsce zdecydowany prym wiedzie energia wiatrowa. Ale gdzie jest najwięcej wiatraków?</p>
