{"id":7798,"date":"2021-02-17T09:40:14","date_gmt":"2021-02-17T08:40:14","guid":{"rendered":"http:\/\/ecn.kielce.pl\/?page_id=7798"},"modified":"2021-02-17T09:40:15","modified_gmt":"2021-02-17T08:40:15","slug":"szybki-jak-wiatr","status":"publish","type":"page","link":"https:\/\/ecn.kielce.pl\/index.php\/pl\/oferta\/ecn-on-line\/eco-friendly-z-projektem-green-thinking\/szybki-jak-wiatr\/","title":{"rendered":"Szybki jak wiatr?"},"content":{"rendered":"\n<p><strong>Wyobra\u017acie sobie, \u017ce wiatr r\u00f3wnie\u017c m\u00f3g\u0142by zaj\u0105\u0107 miejsce na kartach ksi\u0119gi rekord\u00f3w Guinessa.<\/strong> <!--more--><\/p>\n<p>Wpis niew\u0105tpliwie zosta\u0142by dokonany 10 kwietnia 1996 roku kiedy to wia\u0142 z pr\u0119dko\u015bci\u0105 408 km\/h na australijskiej wyspie Barrow podczas przej\u015bcia cyklonu Olivia.<\/p>\n<p>W Polsce najwi\u0119ksza pr\u0119dko\u015b\u0107 wiatru zosta\u0142a odnotowana w 1990 roku przez stacj\u0119 meteorologiczn\u0105 na szczycie \u015anie\u017cki i wynios\u0142a 345 km\/h.<\/p>\n<p>M\u00f3wi si\u0119, \u017ce najszybszy cz\u0142owiek \u015bwiata, Usain Bolt, jest szybki niczym wiatr. Ale czy na pewno? Podczas ustanawiania rekordu \u015bwiata na 100 metr\u00f3w osi\u0105gn\u0105\u0142 pr\u0119dko\u015b\u0107 44,72 km\/h, kt\u00f3r\u0105 mo\u017cna por\u00f3wna\u0107 do &#8230; w\u0142a\u015bnie silnego wiatru. Jest to bowiem 6 stopie\u0144 skali Beauforta.<\/p>\n","protected":false},"excerpt":{"rendered":"<p>Wyobra\u017acie sobie, \u017ce wiatr r\u00f3wnie\u017c m\u00f3g\u0142by zaj\u0105\u0107 miejsce na kartach ksi\u0119gi rekord\u00f3w Guinessa.<\/p>\n","protected":false},"author":2,"featured_media":7799,"parent":7671,"menu_order":8,"comment_status":"closed","ping_status":"closed","template":"pt_oferta.php","meta":{"_links_to":"","_links_to_target":""},"_links":{"self":[{"href":"https:\/\/ecn.kielce.pl\/index.php\/wp-json\/wp\/v2\/pages\/7798"}],"collection":[{"href":"https:\/\/ecn.kielce.pl\/index.php\/wp-json\/wp\/v2\/pages"}],"about":[{"href":"https:\/\/ecn.kielce.pl\/index.php\/wp-json\/wp\/v2\/types\/page"}],"author":[{"embeddable":true,"href":"https:\/\/ecn.kielce.pl\/index.php\/wp-json\/wp\/v2\/users\/2"}],"replies":[{"embeddable":true,"href":"https:\/\/ecn.kielce.pl\/index.php\/wp-json\/wp\/v2\/comments?post=7798"}],"version-history":[{"count":1,"href":"https:\/\/ecn.kielce.pl\/index.php\/wp-json\/wp\/v2\/pages\/7798\/revisions"}],"predecessor-version":[{"id":7800,"href":"https:\/\/ecn.kielce.pl\/index.php\/wp-json\/wp\/v2\/pages\/7798\/revisions\/7800"}],"up":[{"embeddable":true,"href":"https:\/\/ecn.kielce.pl\/index.php\/wp-json\/wp\/v2\/pages\/7671"}],"wp:featuredmedia":[{"embeddable":true,"href":"https:\/\/ecn.kielce.pl\/index.php\/wp-json\/wp\/v2\/media\/7799"}],"wp:attachment":[{"href":"https:\/\/ecn.kielce.pl\/index.php\/wp-json\/wp\/v2\/media?parent=7798"}],"curies":[{"name":"wp","href":"https:\/\/api.w.org\/{rel}","templated":true}]}}

<p><strong>Wyobraźcie sobie, że wiatr również mógłby zająć miejsce na kartach księgi rekordów Guinessa.</strong> <!--more--></p>
<p>Wpis niewątpliwie zostałby dokonany 10 kwietnia 1996 roku kiedy to wiał z prędkością 408 km/h na australijskiej wyspie Barrow podczas przejścia cyklonu Olivia.</p>
<p>W Polsce największa prędkość wiatru została odnotowana w 1990 roku przez stację meteorologiczną na szczycie Śnieżki i wyniosła 345 km/h.</p>
<p>Mówi się, że najszybszy człowiek świata, Usain Bolt, jest szybki niczym wiatr. Ale czy na pewno? Podczas ustanawiania rekordu świata na 100 metrów osiągnął prędkość 44,72 km/h, którą można porównać do &#8230; właśnie silnego wiatru. Jest to bowiem 6 stopień skali Beauforta.</p>

<p>Wyobraźcie sobie, że wiatr również mógłby zająć miejsce na kartach księgi rekordów Guinessa.</p>
