{"id":7716,"date":"2021-01-08T08:19:25","date_gmt":"2021-01-08T07:19:25","guid":{"rendered":"http:\/\/ecn.kielce.pl\/?page_id=7716"},"modified":"2021-01-08T08:25:59","modified_gmt":"2021-01-08T07:25:59","slug":"czy-swiatlo-umie-skakac","status":"publish","type":"page","link":"https:\/\/ecn.kielce.pl\/index.php\/pl\/oferta\/ecn-on-line\/ciekawostki-ecn\/czy-swiatlo-umie-skakac\/","title":{"rendered":"Czy \u015bwiat\u0142o umie skaka\u0107?"},"content":{"rendered":"\n<p><strong>Kiedy promienie \u015bwiat\u0142a napotykaj\u0105 co\u015b, przez co nie mog\u0105 przej\u015b\u0107, przeskakuj\u0105 to jak odbijaj\u0105ca si\u0119 od ziemi pi\u0142ka.<\/strong> <!--more--><\/p>\n<p>Zjawisko to nazywamy odbiciem. Widzimy przedmioty, poniewa\u017c \u015bwiat\u0142o odbija si\u0119 od nich i biegnie do naszych oczu.<\/p>\n","protected":false},"excerpt":{"rendered":"<p>Kiedy promienie \u015bwiat\u0142a napotykaj\u0105 co\u015b, przez co nie mog\u0105 przej\u015b\u0107, przeskakuj\u0105 to jak odbijaj\u0105ca si\u0119 od ziemi pi\u0142ka.<\/p>\n","protected":false},"author":2,"featured_media":7717,"parent":7337,"menu_order":0,"comment_status":"closed","ping_status":"closed","template":"pt_oferta.php","meta":{"_links_to":"","_links_to_target":""},"_links":{"self":[{"href":"https:\/\/ecn.kielce.pl\/index.php\/wp-json\/wp\/v2\/pages\/7716"}],"collection":[{"href":"https:\/\/ecn.kielce.pl\/index.php\/wp-json\/wp\/v2\/pages"}],"about":[{"href":"https:\/\/ecn.kielce.pl\/index.php\/wp-json\/wp\/v2\/types\/page"}],"author":[{"embeddable":true,"href":"https:\/\/ecn.kielce.pl\/index.php\/wp-json\/wp\/v2\/users\/2"}],"replies":[{"embeddable":true,"href":"https:\/\/ecn.kielce.pl\/index.php\/wp-json\/wp\/v2\/comments?post=7716"}],"version-history":[{"count":2,"href":"https:\/\/ecn.kielce.pl\/index.php\/wp-json\/wp\/v2\/pages\/7716\/revisions"}],"predecessor-version":[{"id":7719,"href":"https:\/\/ecn.kielce.pl\/index.php\/wp-json\/wp\/v2\/pages\/7716\/revisions\/7719"}],"up":[{"embeddable":true,"href":"https:\/\/ecn.kielce.pl\/index.php\/wp-json\/wp\/v2\/pages\/7337"}],"wp:featuredmedia":[{"embeddable":true,"href":"https:\/\/ecn.kielce.pl\/index.php\/wp-json\/wp\/v2\/media\/7717"}],"wp:attachment":[{"href":"https:\/\/ecn.kielce.pl\/index.php\/wp-json\/wp\/v2\/media?parent=7716"}],"curies":[{"name":"wp","href":"https:\/\/api.w.org\/{rel}","templated":true}]}}

Czy światło umie skakać?

<p><strong>Kiedy promienie światła napotykają coś, przez co nie mogą przejść, przeskakują to jak odbijająca się od ziemi piłka.</strong> <!--more--></p>
<p>Zjawisko to nazywamy odbiciem. Widzimy przedmioty, ponieważ światło odbija się od nich i biegnie do naszych oczu.</p>

<p>Kiedy promienie światła napotykają coś, przez co nie mogą przejść, przeskakują to jak odbijająca się od ziemi piłka.</p>
