{"id":7675,"date":"2020-12-30T08:30:00","date_gmt":"2020-12-30T07:30:00","guid":{"rendered":"http:\/\/ecn.kielce.pl\/?page_id=7675"},"modified":"2021-01-27T08:56:32","modified_gmt":"2021-01-27T07:56:32","slug":"1_energia-sloneczna","status":"publish","type":"page","link":"https:\/\/ecn.kielce.pl\/index.php\/pl\/oferta\/ecn-on-line\/eco-friendly-z-projektem-green-thinking\/1_energia-sloneczna\/","title":{"rendered":"Energia s\u0142oneczna i fotoogniwa"},"content":{"rendered":"\n<p><strong>Czy wiecie, \u017ce s\u0142o\u0144ce w ci\u0105gu sekundy produkuje tyle energii, ile starczy\u0142oby ludzko\u015bci na 700 tys. lat?<\/strong> <!--more--><\/p>\n<p>Do powierzchni Ziemi dociera niewielka cz\u0119\u015b\u0107 tej energii, ale ci\u0105gle jest to bardzo du\u017co. Gdyby\u015bmy potrafili j\u0105 ca\u0142\u0105 wykorzysta\u0107, to w ci\u0105gu godziny nazbieraliby\u015bmy energii potrzebnej wszystkim na rok.<\/p>\n<p>Ogniwa s\u0142oneczne nazywane te\u017c fotoogniwami potrafi\u0105 pozyskiwa\u0107 cz\u0119\u015b\u0107 tej energii. Wewn\u0105trz takich ogniw przylatuj\u0105ce ze S\u0142o\u0144ca cz\u0105steczki \u015bwiat\u0142a, zwane fotonami, uderzaj\u0105 w elektrony i przekazuj\u0105 im swoj\u0105 energi\u0119. Zjawisko to nazywamy fotoelektrycznym, to dzi\u0119ki niemu energia \u015bwiat\u0142a zamieniana jest na pr\u0105d elektryczny.<\/p>\n","protected":false},"excerpt":{"rendered":"<p>Czy wiecie, \u017ce s\u0142o\u0144ce w ci\u0105gu sekundy produkuje tyle energii, ile starczy\u0142oby ludzko\u015bci na 700 tys. lat?<\/p>\n","protected":false},"author":2,"featured_media":7714,"parent":7671,"menu_order":1,"comment_status":"closed","ping_status":"closed","template":"pt_oferta.php","meta":{"_links_to":"","_links_to_target":""},"_links":{"self":[{"href":"https:\/\/ecn.kielce.pl\/index.php\/wp-json\/wp\/v2\/pages\/7675"}],"collection":[{"href":"https:\/\/ecn.kielce.pl\/index.php\/wp-json\/wp\/v2\/pages"}],"about":[{"href":"https:\/\/ecn.kielce.pl\/index.php\/wp-json\/wp\/v2\/types\/page"}],"author":[{"embeddable":true,"href":"https:\/\/ecn.kielce.pl\/index.php\/wp-json\/wp\/v2\/users\/2"}],"replies":[{"embeddable":true,"href":"https:\/\/ecn.kielce.pl\/index.php\/wp-json\/wp\/v2\/comments?post=7675"}],"version-history":[{"count":3,"href":"https:\/\/ecn.kielce.pl\/index.php\/wp-json\/wp\/v2\/pages\/7675\/revisions"}],"predecessor-version":[{"id":7756,"href":"https:\/\/ecn.kielce.pl\/index.php\/wp-json\/wp\/v2\/pages\/7675\/revisions\/7756"}],"up":[{"embeddable":true,"href":"https:\/\/ecn.kielce.pl\/index.php\/wp-json\/wp\/v2\/pages\/7671"}],"wp:featuredmedia":[{"embeddable":true,"href":"https:\/\/ecn.kielce.pl\/index.php\/wp-json\/wp\/v2\/media\/7714"}],"wp:attachment":[{"href":"https:\/\/ecn.kielce.pl\/index.php\/wp-json\/wp\/v2\/media?parent=7675"}],"curies":[{"name":"wp","href":"https:\/\/api.w.org\/{rel}","templated":true}]}}