{"id":7617,"date":"2020-12-16T10:07:27","date_gmt":"2020-12-16T09:07:27","guid":{"rendered":"http:\/\/ecn.kielce.pl\/?page_id=7617"},"modified":"2020-12-16T10:18:10","modified_gmt":"2020-12-16T09:18:10","slug":"16-grudnia","status":"publish","type":"page","link":"https:\/\/ecn.kielce.pl\/index.php\/pl\/oferta\/ecn-on-line\/naukowy-kalendarz-adwentowy-ecn\/16-grudnia\/","title":{"rendered":"16 grudnia"},"content":{"rendered":"\n<p><strong>Przygotowania do \u015awi\u0105t, sprz\u0105tanie, gotowanie, pieczenie mog\u0105 sta\u0107 si\u0119 dobrym powodem do naukowych do\u015bwiadcze\u0144&#8230; Wykonaj lewituj\u0105c\u0105 ba\u0144k\u0119!<\/strong><!--more--><\/p>\n<p><strong>LEWITUJ\u0104CA BA\u0143KA<\/strong><br \/>Potrzebne b\u0119d\u0105: ocet, soda oczyszczona, zestaw do baniek mydlanych, miska<\/p>\n<p><strong>INSTRUKCJA WYKONANIA<\/strong><br \/>1. Do miseczki wlej 5 \u0142y\u017ceczek octu i wsyp 5 \u0142y\u017ceczek sody (mo\u017cesz zamiesza\u0107)<br \/>2.Wytworzy si\u0119 niewidoczny gaz.<br \/>3. Zr\u00f3b ba\u0144k\u0119 mydlan\u0105 i delikatnie wdmuchnij j\u0105 do miseczki.<br \/>4. Dobrze wdmuchni\u0119ta ba\u0144ka b\u0119dzie lewitowa\u0142a.<\/p>\n<p><strong>NAUKOWE WYJA\u015aNIENIE<\/strong><br \/>&#8211; dwutlenek w\u0119gla w misce jest ci\u0119\u017cszym gazem (ma wi\u0119ksz\u0105 g\u0119sto\u015b\u0107) od powietrza \u015brodku ba\u0144ki mydlanej, dlatego dwutlenek w\u0119gla znajduje si\u0119 na dnie miseczki, a ba\u0144ka si\u0119 na nim unosi.<\/p>\n<p><strong>RADY DLA M\u0141ODEGO NAUKOWCA<\/strong><br \/>&#8211; P\u0142yn do baniek mydlanych mo\u017cesz stworzy\u0107, rozcie\u0144czaj\u0105c w wodzie p\u0142yn do naczy\u0144 lub szampon.<br \/>&#8211; Ba\u0144ki mo\u017cesz zrobi\u0107, u\u017cywaj\u0105c s\u0142omki zamiast specjalnego k\u00f3\u0142eczka do baniek.<\/p>\n","protected":false},"excerpt":{"rendered":"<p>Przygotowania do \u015awi\u0105t, sprz\u0105tanie, gotowanie, pieczenie mog\u0105 sta\u0107 si\u0119 dobrym powodem do naukowych do\u015bwiadcze\u0144&#8230; Wykonaj lewituj\u0105c\u0105 ba\u0144k\u0119!<\/p>\n","protected":false},"author":2,"featured_media":7597,"parent":7483,"menu_order":16,"comment_status":"closed","ping_status":"closed","template":"pt_oferta.php","meta":{"_links_to":"","_links_to_target":""},"_links":{"self":[{"href":"https:\/\/ecn.kielce.pl\/index.php\/wp-json\/wp\/v2\/pages\/7617"}],"collection":[{"href":"https:\/\/ecn.kielce.pl\/index.php\/wp-json\/wp\/v2\/pages"}],"about":[{"href":"https:\/\/ecn.kielce.pl\/index.php\/wp-json\/wp\/v2\/types\/page"}],"author":[{"embeddable":true,"href":"https:\/\/ecn.kielce.pl\/index.php\/wp-json\/wp\/v2\/users\/2"}],"replies":[{"embeddable":true,"href":"https:\/\/ecn.kielce.pl\/index.php\/wp-json\/wp\/v2\/comments?post=7617"}],"version-history":[{"count":2,"href":"https:\/\/ecn.kielce.pl\/index.php\/wp-json\/wp\/v2\/pages\/7617\/revisions"}],"predecessor-version":[{"id":7620,"href":"https:\/\/ecn.kielce.pl\/index.php\/wp-json\/wp\/v2\/pages\/7617\/revisions\/7620"}],"up":[{"embeddable":true,"href":"https:\/\/ecn.kielce.pl\/index.php\/wp-json\/wp\/v2\/pages\/7483"}],"wp:featuredmedia":[{"embeddable":true,"href":"https:\/\/ecn.kielce.pl\/index.php\/wp-json\/wp\/v2\/media\/7597"}],"wp:attachment":[{"href":"https:\/\/ecn.kielce.pl\/index.php\/wp-json\/wp\/v2\/media?parent=7617"}],"curies":[{"name":"wp","href":"https:\/\/api.w.org\/{rel}","templated":true}]}}