{"id":7614,"date":"2020-12-15T09:00:29","date_gmt":"2020-12-15T08:00:29","guid":{"rendered":"http:\/\/ecn.kielce.pl\/?page_id=7614"},"modified":"2020-12-15T08:33:19","modified_gmt":"2020-12-15T07:33:19","slug":"15-grudnia","status":"publish","type":"page","link":"https:\/\/ecn.kielce.pl\/index.php\/pl\/oferta\/ecn-on-line\/naukowy-kalendarz-adwentowy-ecn\/15-grudnia\/","title":{"rendered":"15 grudnia"},"content":{"rendered":"\n<p><strong>Najs\u0142ynniejsz\u0105 kol\u0119d\u0105 na \u015bwiecie jest \u201eCicha noc\u201d, kt\u00f3r\u0105 przet\u0142umaczono na ponad 300 j\u0119zyk\u00f3w i dialekt\u00f3w.<\/strong><!--more--><\/p>\n<p>Po raz pierwszy \u201eStille Nacht\u201d wykonano przy akompaniamencie gitary podczas pasterki 24.12.1818 roku w ko\u015bciele \u015awi\u0119tego Miko\u0142aja w austriackim Oberndorf bei Salzburg. Do jej powstania przyczyni\u0142 si\u0119 fakt, \u017ce tu\u017c przed \u015bwi\u0119tami Bo\u017cego Narodzenia popsu\u0142y si\u0119 ko\u015bcielne organy. Dlatego, \u00f3wczesny wikariusz ksi\u0105dz Joseph Mohr wr\u0119czy\u0142 sw\u00f3j wiersz organi\u015bcie Franzowi Gruberowi i poprosi\u0142, aby skomponowa\u0142 muzyk\u0119 do niego.<\/p>\n<p>S\u0142owa pierwszej wersji tej kol\u0119dy w j\u0119zyku polskim u\u0142o\u017cy\u0142 ok. 1930 roku Piotr Maszy\u0144ski.<\/p>\n","protected":false},"excerpt":{"rendered":"<p>Najs\u0142ynniejsz\u0105 kol\u0119d\u0105 na \u015bwiecie jest \u201eCicha noc\u201d, kt\u00f3r\u0105 przet\u0142umaczono na ponad 300 j\u0119zyk\u00f3w i dialekt\u00f3w.<\/p>\n","protected":false},"author":2,"featured_media":7596,"parent":7483,"menu_order":15,"comment_status":"closed","ping_status":"closed","template":"pt_oferta.php","meta":{"_links_to":"","_links_to_target":""},"_links":{"self":[{"href":"https:\/\/ecn.kielce.pl\/index.php\/wp-json\/wp\/v2\/pages\/7614"}],"collection":[{"href":"https:\/\/ecn.kielce.pl\/index.php\/wp-json\/wp\/v2\/pages"}],"about":[{"href":"https:\/\/ecn.kielce.pl\/index.php\/wp-json\/wp\/v2\/types\/page"}],"author":[{"embeddable":true,"href":"https:\/\/ecn.kielce.pl\/index.php\/wp-json\/wp\/v2\/users\/2"}],"replies":[{"embeddable":true,"href":"https:\/\/ecn.kielce.pl\/index.php\/wp-json\/wp\/v2\/comments?post=7614"}],"version-history":[{"count":1,"href":"https:\/\/ecn.kielce.pl\/index.php\/wp-json\/wp\/v2\/pages\/7614\/revisions"}],"predecessor-version":[{"id":7615,"href":"https:\/\/ecn.kielce.pl\/index.php\/wp-json\/wp\/v2\/pages\/7614\/revisions\/7615"}],"up":[{"embeddable":true,"href":"https:\/\/ecn.kielce.pl\/index.php\/wp-json\/wp\/v2\/pages\/7483"}],"wp:featuredmedia":[{"embeddable":true,"href":"https:\/\/ecn.kielce.pl\/index.php\/wp-json\/wp\/v2\/media\/7596"}],"wp:attachment":[{"href":"https:\/\/ecn.kielce.pl\/index.php\/wp-json\/wp\/v2\/media?parent=7614"}],"curies":[{"name":"wp","href":"https:\/\/api.w.org\/{rel}","templated":true}]}}

<p><strong>Najsłynniejszą kolędą na świecie jest „Cicha noc”, którą przetłumaczono na ponad 300 języków i dialektów.</strong><!--more--></p>
<p>Po raz pierwszy „Stille Nacht” wykonano przy akompaniamencie gitary podczas pasterki 24.12.1818 roku w kościele Świętego Mikołaja w austriackim Oberndorf bei Salzburg. Do jej powstania przyczynił się fakt, że tuż przed świętami Bożego Narodzenia popsuły się kościelne organy. Dlatego, ówczesny wikariusz ksiądz Joseph Mohr wręczył swój wiersz organiście Franzowi Gruberowi i poprosił, aby skomponował muzykę do niego.</p>
<p>Słowa pierwszej wersji tej kolędy w języku polskim ułożył ok. 1930 roku Piotr Maszyński.</p>

<p>Najsłynniejszą kolędą na świecie jest „Cicha noc”, którą przetłumaczono na ponad 300 języków i dialektów.</p>
