{"id":7603,"date":"2020-12-12T09:00:01","date_gmt":"2020-12-12T08:00:01","guid":{"rendered":"http:\/\/ecn.kielce.pl\/?page_id=7603"},"modified":"2020-12-11T16:17:03","modified_gmt":"2020-12-11T15:17:03","slug":"12-grudnia","status":"publish","type":"page","link":"https:\/\/ecn.kielce.pl\/index.php\/pl\/oferta\/ecn-on-line\/naukowy-kalendarz-adwentowy-ecn\/12-grudnia\/","title":{"rendered":"12 grudnia"},"content":{"rendered":"\n<p><strong>W jaki spos\u00f3b powstaj\u0105 p\u0142atki \u015bniegu?<\/strong><!--more-->Aby powsta\u0142 p\u0142atek \u015bniegu, potrzebna jest podstawa, czyli py\u0142ek kwiatowy lub drobina kurzu, zwane inaczej j\u0105drem kondensacji, woda oraz niska temperatura. Gdy para wodna zamienia si\u0119 w l\u00f3d do j\u0105dra przyklejaj\u0105 si\u0119 kolejne cz\u0105steczki wody, robi\u0105 si\u0119 coraz wi\u0119ksze i gdy osi\u0105gn\u0105 odpowiednie rozmiary kieruj\u0105 si\u0119 w stron\u0119 ziemi.<\/p>\n","protected":false},"excerpt":{"rendered":"<p>W jaki spos\u00f3b powstaj\u0105 p\u0142atki \u015bniegu?<\/p>\n","protected":false},"author":2,"featured_media":7593,"parent":7483,"menu_order":12,"comment_status":"closed","ping_status":"closed","template":"pt_oferta.php","meta":{"_links_to":"","_links_to_target":""},"_links":{"self":[{"href":"https:\/\/ecn.kielce.pl\/index.php\/wp-json\/wp\/v2\/pages\/7603"}],"collection":[{"href":"https:\/\/ecn.kielce.pl\/index.php\/wp-json\/wp\/v2\/pages"}],"about":[{"href":"https:\/\/ecn.kielce.pl\/index.php\/wp-json\/wp\/v2\/types\/page"}],"author":[{"embeddable":true,"href":"https:\/\/ecn.kielce.pl\/index.php\/wp-json\/wp\/v2\/users\/2"}],"replies":[{"embeddable":true,"href":"https:\/\/ecn.kielce.pl\/index.php\/wp-json\/wp\/v2\/comments?post=7603"}],"version-history":[{"count":2,"href":"https:\/\/ecn.kielce.pl\/index.php\/wp-json\/wp\/v2\/pages\/7603\/revisions"}],"predecessor-version":[{"id":7605,"href":"https:\/\/ecn.kielce.pl\/index.php\/wp-json\/wp\/v2\/pages\/7603\/revisions\/7605"}],"up":[{"embeddable":true,"href":"https:\/\/ecn.kielce.pl\/index.php\/wp-json\/wp\/v2\/pages\/7483"}],"wp:featuredmedia":[{"embeddable":true,"href":"https:\/\/ecn.kielce.pl\/index.php\/wp-json\/wp\/v2\/media\/7593"}],"wp:attachment":[{"href":"https:\/\/ecn.kielce.pl\/index.php\/wp-json\/wp\/v2\/media?parent=7603"}],"curies":[{"name":"wp","href":"https:\/\/api.w.org\/{rel}","templated":true}]}}

<p><strong>W jaki sposób powstają płatki śniegu?</strong><!--more-->Aby powstał płatek śniegu, potrzebna jest podstawa, czyli pyłek kwiatowy lub drobina kurzu, zwane inaczej jądrem kondensacji, woda oraz niska temperatura. Gdy para wodna zamienia się w lód do jądra przyklejają się kolejne cząsteczki wody, robią się coraz większe i gdy osiągną odpowiednie rozmiary kierują się w stronę ziemi.</p>

<p>W jaki sposób powstają płatki śniegu?</p>
