{"id":7589,"date":"2020-12-12T11:00:00","date_gmt":"2020-12-12T10:00:00","guid":{"rendered":"http:\/\/ecn.kielce.pl\/?page_id=7589"},"modified":"2020-12-11T15:23:18","modified_gmt":"2020-12-11T14:23:18","slug":"bombka-swiateczna-wykonanie","status":"publish","type":"page","link":"https:\/\/ecn.kielce.pl\/index.php\/pl\/oferta\/ecn-on-line\/swiateczne-domowe-laboratorium\/bombka-swiateczna-wykonanie\/","title":{"rendered":"Bombka \u015bwi\u0105teczna &#8211; wykonanie"},"content":{"rendered":"\n<p><strong>Zobacz, jak wykona\u0107 bombk\u0119 \u015bwi\u0105teczn\u0105 ze sztucznym \u015bniegiem.<\/strong><!--more--><\/p>\n\n\n\n<p><iframe title=\"Bombka \u015bwi\u0105teczna ze sztucznym \u015bniegiem\" width=\"500\" height=\"281\" src=\"https:\/\/www.youtube.com\/embed\/dUKuGIZK9k0?feature=oembed\" frameborder=\"0\" allow=\"accelerometer; autoplay; clipboard-write; encrypted-media; gyroscope; picture-in-picture\" allowfullscreen><\/iframe><\/p>\n","protected":false},"excerpt":{"rendered":"<p>Zobacz, jak wykona\u0107 bombk\u0119 \u015bwi\u0105teczn\u0105 ze sztucznym \u015bniegiem.<\/p>\n","protected":false},"author":2,"featured_media":7590,"parent":7566,"menu_order":3,"comment_status":"closed","ping_status":"closed","template":"pt_oferta.php","meta":{"_links_to":"","_links_to_target":""},"_links":{"self":[{"href":"https:\/\/ecn.kielce.pl\/index.php\/wp-json\/wp\/v2\/pages\/7589"}],"collection":[{"href":"https:\/\/ecn.kielce.pl\/index.php\/wp-json\/wp\/v2\/pages"}],"about":[{"href":"https:\/\/ecn.kielce.pl\/index.php\/wp-json\/wp\/v2\/types\/page"}],"author":[{"embeddable":true,"href":"https:\/\/ecn.kielce.pl\/index.php\/wp-json\/wp\/v2\/users\/2"}],"replies":[{"embeddable":true,"href":"https:\/\/ecn.kielce.pl\/index.php\/wp-json\/wp\/v2\/comments?post=7589"}],"version-history":[{"count":1,"href":"https:\/\/ecn.kielce.pl\/index.php\/wp-json\/wp\/v2\/pages\/7589\/revisions"}],"predecessor-version":[{"id":7591,"href":"https:\/\/ecn.kielce.pl\/index.php\/wp-json\/wp\/v2\/pages\/7589\/revisions\/7591"}],"up":[{"embeddable":true,"href":"https:\/\/ecn.kielce.pl\/index.php\/wp-json\/wp\/v2\/pages\/7566"}],"wp:featuredmedia":[{"embeddable":true,"href":"https:\/\/ecn.kielce.pl\/index.php\/wp-json\/wp\/v2\/media\/7590"}],"wp:attachment":[{"href":"https:\/\/ecn.kielce.pl\/index.php\/wp-json\/wp\/v2\/media?parent=7589"}],"curies":[{"name":"wp","href":"https:\/\/api.w.org\/{rel}","templated":true}]}}