{"id":7568,"date":"2020-12-10T11:15:47","date_gmt":"2020-12-10T10:15:47","guid":{"rendered":"http:\/\/ecn.kielce.pl\/?page_id=7568"},"modified":"2020-12-10T11:24:51","modified_gmt":"2020-12-10T10:24:51","slug":"kartka-swiateczna-potrzebne-materialy","status":"publish","type":"page","link":"https:\/\/ecn.kielce.pl\/index.php\/pl\/oferta\/ecn-on-line\/swiateczne-domowe-laboratorium\/kartka-swiateczna-potrzebne-materialy\/","title":{"rendered":"Kartka \u015bwi\u0105teczna \u2013 potrzebne materia\u0142y"},"content":{"rendered":"\n<p><strong>Do wykonania \u015bwi\u0105tecznej kartki b\u0119d\u0105 potrzebne:<\/strong><!--more--><\/p>\n<p>\u2013 kartka z bloku technicznego A4 w wybranym kolorze<\/p>\n<p>\u2013 pinezka\/ig\u0142a<\/p>\n<p>\u2013 dioda w wybranym kolorze<\/p>\n<p>\u2013 drucik florystyczny (70 cm)<\/p>\n<p>\u2013 p\u0142aska bateria (3V)<\/p>\n<p>\u2013 ta\u015bma klej\u0105ca<\/p>\n<p>\u2013 no\u017cyczki<\/p>\n<p>\u2013 kredka lub o\u0142\u00f3wek<\/p>\n<p>\u2013 materia\u0142y do dekoracji<\/p>\n","protected":false},"excerpt":{"rendered":"<p>Do wykonania \u015bwi\u0105tecznej kartki b\u0119d\u0105 potrzebne:<\/p>\n","protected":false},"author":2,"featured_media":7474,"parent":7566,"menu_order":6,"comment_status":"closed","ping_status":"closed","template":"pt_oferta.php","meta":{"_links_to":"","_links_to_target":""},"_links":{"self":[{"href":"https:\/\/ecn.kielce.pl\/index.php\/wp-json\/wp\/v2\/pages\/7568"}],"collection":[{"href":"https:\/\/ecn.kielce.pl\/index.php\/wp-json\/wp\/v2\/pages"}],"about":[{"href":"https:\/\/ecn.kielce.pl\/index.php\/wp-json\/wp\/v2\/types\/page"}],"author":[{"embeddable":true,"href":"https:\/\/ecn.kielce.pl\/index.php\/wp-json\/wp\/v2\/users\/2"}],"replies":[{"embeddable":true,"href":"https:\/\/ecn.kielce.pl\/index.php\/wp-json\/wp\/v2\/comments?post=7568"}],"version-history":[{"count":3,"href":"https:\/\/ecn.kielce.pl\/index.php\/wp-json\/wp\/v2\/pages\/7568\/revisions"}],"predecessor-version":[{"id":7586,"href":"https:\/\/ecn.kielce.pl\/index.php\/wp-json\/wp\/v2\/pages\/7568\/revisions\/7586"}],"up":[{"embeddable":true,"href":"https:\/\/ecn.kielce.pl\/index.php\/wp-json\/wp\/v2\/pages\/7566"}],"wp:featuredmedia":[{"embeddable":true,"href":"https:\/\/ecn.kielce.pl\/index.php\/wp-json\/wp\/v2\/media\/7474"}],"wp:attachment":[{"href":"https:\/\/ecn.kielce.pl\/index.php\/wp-json\/wp\/v2\/media?parent=7568"}],"curies":[{"name":"wp","href":"https:\/\/api.w.org\/{rel}","templated":true}]}}