{"id":7522,"date":"2020-12-09T09:00:12","date_gmt":"2020-12-09T08:00:12","guid":{"rendered":"http:\/\/ecn.kielce.pl\/?page_id=7522"},"modified":"2020-12-09T08:15:33","modified_gmt":"2020-12-09T07:15:33","slug":"9-grudnia","status":"publish","type":"page","link":"https:\/\/ecn.kielce.pl\/index.php\/pl\/oferta\/ecn-on-line\/naukowy-kalendarz-adwentowy-ecn\/9-grudnia\/","title":{"rendered":"9 grudnia"},"content":{"rendered":"\n<p>P\u0142atki \u015bniegu opadaj\u0105 najcz\u0119\u015bciej z pr\u0119dko\u015bci\u0105 ok. 5 km\/h, ale zawsze zale\u017cy to ci\u0119\u017caru p\u0142atka i pr\u0119dko\u015bci wiatru. <!--more-->Im ci\u0119\u017cszy jest p\u0142atek, tym szybciej opada, a im silniejszy wiatr, tym opada wolniej, bo zanim dotknie ziemi, jest wci\u0105\u017c unoszony przez wiatr i przenoszony na dystansie nawet kilku kilometr\u00f3w. Jak d\u0142ugo wi\u0119c mo\u017ce opada\u0107 p\u0142atek? Licz\u0105c od podstawy chmury do powierzchni ziemi, nawet przez 15 minut. To w\u0142a\u015bnie dlatego czasem spotykamy si\u0119 ze zjawiskiem opad\u00f3w \u015bniegu z czystego, b\u0142\u0119kitnego nieba. Bo zanim p\u0142atki spadn\u0105, niebo mo\u017ce si\u0119 zd\u0105\u017cy\u0107 ponad nimi ca\u0142kowicie rozpogodzi\u0107.<\/p>\n","protected":false},"excerpt":{"rendered":"<p>P\u0142atki \u015bniegu opadaj\u0105 najcz\u0119\u015bciej z pr\u0119dko\u015bci\u0105 ok. 5 km\/h, ale zawsze zale\u017cy to ci\u0119\u017caru p\u0142atka i pr\u0119dko\u015bci wiatru.<\/p>\n","protected":false},"author":2,"featured_media":7518,"parent":7483,"menu_order":9,"comment_status":"closed","ping_status":"closed","template":"pt_oferta.php","meta":{"_links_to":"","_links_to_target":""},"_links":{"self":[{"href":"https:\/\/ecn.kielce.pl\/index.php\/wp-json\/wp\/v2\/pages\/7522"}],"collection":[{"href":"https:\/\/ecn.kielce.pl\/index.php\/wp-json\/wp\/v2\/pages"}],"about":[{"href":"https:\/\/ecn.kielce.pl\/index.php\/wp-json\/wp\/v2\/types\/page"}],"author":[{"embeddable":true,"href":"https:\/\/ecn.kielce.pl\/index.php\/wp-json\/wp\/v2\/users\/2"}],"replies":[{"embeddable":true,"href":"https:\/\/ecn.kielce.pl\/index.php\/wp-json\/wp\/v2\/comments?post=7522"}],"version-history":[{"count":1,"href":"https:\/\/ecn.kielce.pl\/index.php\/wp-json\/wp\/v2\/pages\/7522\/revisions"}],"predecessor-version":[{"id":7523,"href":"https:\/\/ecn.kielce.pl\/index.php\/wp-json\/wp\/v2\/pages\/7522\/revisions\/7523"}],"up":[{"embeddable":true,"href":"https:\/\/ecn.kielce.pl\/index.php\/wp-json\/wp\/v2\/pages\/7483"}],"wp:featuredmedia":[{"embeddable":true,"href":"https:\/\/ecn.kielce.pl\/index.php\/wp-json\/wp\/v2\/media\/7518"}],"wp:attachment":[{"href":"https:\/\/ecn.kielce.pl\/index.php\/wp-json\/wp\/v2\/media?parent=7522"}],"curies":[{"name":"wp","href":"https:\/\/api.w.org\/{rel}","templated":true}]}}

<p>Płatki śniegu opadają najczęściej z prędkością ok. 5 km/h, ale zawsze zależy to ciężaru płatka i prędkości wiatru. <!--more-->Im cięższy jest płatek, tym szybciej opada, a im silniejszy wiatr, tym opada wolniej, bo zanim dotknie ziemi, jest wciąż unoszony przez wiatr i przenoszony na dystansie nawet kilku kilometrów. Jak długo więc może opadać płatek? Licząc od podstawy chmury do powierzchni ziemi, nawet przez 15 minut. To właśnie dlatego czasem spotykamy się ze zjawiskiem opadów śniegu z czystego, błękitnego nieba. Bo zanim płatki spadną, niebo może się zdążyć ponad nimi całkowicie rozpogodzić.</p>

<p>Płatki śniegu opadają najczęściej z prędkością ok. 5 km/h, ale zawsze zależy to ciężaru płatka i prędkości wiatru.</p>
