{"id":7517,"date":"2020-12-08T09:00:00","date_gmt":"2020-12-08T08:00:00","guid":{"rendered":"http:\/\/ecn.kielce.pl\/?page_id=7517"},"modified":"2020-12-08T07:51:44","modified_gmt":"2020-12-08T06:51:44","slug":"8-grudnia","status":"publish","type":"page","link":"https:\/\/ecn.kielce.pl\/index.php\/pl\/oferta\/ecn-on-line\/naukowy-kalendarz-adwentowy-ecn\/8-grudnia\/","title":{"rendered":"8 grudnia"},"content":{"rendered":"\n<p><strong>Sk\u0105d si\u0119 wzi\u0119\u0142a \u015bwi\u0105teczna choinka?<\/strong><!--more-->Ubieranie choinki w kolorowe ozdoby to jedna z nieod\u0142\u0105cznych tradycji bo\u017conarodzeniowych w Polsce i na \u015bwiecie.<\/p>\n<p>Najstarsze wzmianki o \u015bwi\u0105tecznej choince, pochodz\u0105 z XV-XVI wieku z Alzacji &#8211; pogranicza Niemiec i Francji. W domach ustawiano iglaste drzewko: jod\u0142\u0119, sosn\u0119 lub \u015bwierk przybrane jab\u0142kami, orzechami i ozdobami z papieru. Mimo \u017ce pocz\u0105tkowo zwyczaj ten by\u0142 krytykowany jako poga\u0144ski, to zyskiwa\u0142 jednak na popularno\u015bci. Stopniowo Ko\u015bci\u00f3\u0142 katolicki przej\u0105\u0142 t\u0119 tradycj\u0119 i rozpowszechni\u0142 j\u0105 w krajach Europy P\u00f3\u0142nocnej i \u015arodkowej. W XIX wieku choinka spopularyzowana zosta\u0142a w Anglii i Francji, a potem w krajach Europy Po\u0142udniowej.<\/p>\n<p>Do Polski zwyczaj ten zosta\u0142 sprowadzony przez niemieckich protestant\u00f3w na prze\u0142omie XVIII i XIX wieku. Pocz\u0105tkowo choinka spotykana by\u0142a jedynie w miastach, a stamt\u0105d zwyczaj ten przeni\u00f3s\u0142 si\u0119 na wie\u015b i stopniowo wypar\u0142 tradycyjn\u0105 polsk\u0105 ozdob\u0119, jak\u0105 by\u0142a pod\u0142a\u017aniczka (czubek jod\u0142y, \u015bwierku lub sosnowa ga\u0142\u0105\u017a wieszane pod sufitem). Zast\u0105pi\u0142 te\u017c znacznie starszy, s\u0142owia\u0144ski zwyczaj dekorowania snopu zbo\u017ca, zwanego Diduchem. <\/p>\n","protected":false},"excerpt":{"rendered":"<p>Sk\u0105d si\u0119 wzi\u0119\u0142a \u015bwi\u0105teczna choinka?<\/p>\n","protected":false},"author":2,"featured_media":7519,"parent":7483,"menu_order":8,"comment_status":"closed","ping_status":"closed","template":"pt_oferta.php","meta":{"_links_to":"","_links_to_target":""},"_links":{"self":[{"href":"https:\/\/ecn.kielce.pl\/index.php\/wp-json\/wp\/v2\/pages\/7517"}],"collection":[{"href":"https:\/\/ecn.kielce.pl\/index.php\/wp-json\/wp\/v2\/pages"}],"about":[{"href":"https:\/\/ecn.kielce.pl\/index.php\/wp-json\/wp\/v2\/types\/page"}],"author":[{"embeddable":true,"href":"https:\/\/ecn.kielce.pl\/index.php\/wp-json\/wp\/v2\/users\/2"}],"replies":[{"embeddable":true,"href":"https:\/\/ecn.kielce.pl\/index.php\/wp-json\/wp\/v2\/comments?post=7517"}],"version-history":[{"count":1,"href":"https:\/\/ecn.kielce.pl\/index.php\/wp-json\/wp\/v2\/pages\/7517\/revisions"}],"predecessor-version":[{"id":7520,"href":"https:\/\/ecn.kielce.pl\/index.php\/wp-json\/wp\/v2\/pages\/7517\/revisions\/7520"}],"up":[{"embeddable":true,"href":"https:\/\/ecn.kielce.pl\/index.php\/wp-json\/wp\/v2\/pages\/7483"}],"wp:featuredmedia":[{"embeddable":true,"href":"https:\/\/ecn.kielce.pl\/index.php\/wp-json\/wp\/v2\/media\/7519"}],"wp:attachment":[{"href":"https:\/\/ecn.kielce.pl\/index.php\/wp-json\/wp\/v2\/media?parent=7517"}],"curies":[{"name":"wp","href":"https:\/\/api.w.org\/{rel}","templated":true}]}}