{"id":7512,"date":"2020-12-07T10:10:45","date_gmt":"2020-12-07T09:10:45","guid":{"rendered":"http:\/\/ecn.kielce.pl\/?page_id=7512"},"modified":"2020-12-07T10:30:12","modified_gmt":"2020-12-07T09:30:12","slug":"7-grudnia","status":"publish","type":"page","link":"https:\/\/ecn.kielce.pl\/index.php\/pl\/oferta\/ecn-on-line\/naukowy-kalendarz-adwentowy-ecn\/7-grudnia\/","title":{"rendered":"7 grudnia"},"content":{"rendered":"\n<p><strong>Jak przekaza\u0107 tajn\u0105 \u015bwi\u0105teczn\u0105 wiadomo\u015b\u0107? Przeczytaj instrukcj\u0119 do\u015bwiadczenia i wykonaj je w rodzinnym gronie.<\/strong><!--more--><\/p>\n<p><strong>Potrzebne b\u0119d\u0105:<\/strong><\/p>\n<ul>\n<li>cytryna,<\/li>\n<li>kartka,<\/li>\n<li>p\u0119dzelek,<\/li>\n<li>\u015bwieczka<\/li>\n<\/ul>\n<p><strong>Instrukcja wykonania:<\/strong><\/p>\n<p>1.Wyci\u015bnij do kubeczka sok z jednej cytryny i dodaj do niego \u0142y\u017ceczk\u0119 wody. Masz w szklance atrament sympatyczny, kt\u00f3rym mo\u017cesz napisa\u0107 niewidoczn\u0105 na pierwszy rzut oka wiadomo\u015b\u0107.<\/p>\n<p>2.Cz\u0119sto\u015b\u0107 zanurzaj\u0105c p\u0119dzelek w soku, napisz sekretn\u0105 wiadomo\u015b\u0107 na kartce papieru i odstaw go do wyschni\u0119cia.<\/p>\n<p>3.Popro\u015b rodzica o przytrzymanie kartki nad zapalon\u0105 \u015bwieczk\u0105 (uwa\u017caj, \u017ceby nie spali\u0107 wiadomo\u015bci!)<\/p>\n<p><strong>Naukowe wyja\u015bnienie:<\/strong><\/p>\n<p>&#8211; Sok z cytryny jest substancj\u0105, kt\u00f3ra w wyniku podgrzania ulega szybkiemu utlenianiu, zmieniaj\u0105c kolor na br\u0105zowy. Rozcie\u0144czenie go wcze\u015bniej wod\u0105 sprawi, \u017ce napis nie b\u0119dzie widoczny na kartce papieru przed ogrzaniem<\/p>\n","protected":false},"excerpt":{"rendered":"<p>Jak przekaza\u0107 tajn\u0105 \u015bwi\u0105teczn\u0105 wiadomo\u015b\u0107? Przeczytaj instrukcj\u0119 do\u015bwiadczenia i wykonaj je w rodzinnym gronie.<\/p>\n","protected":false},"author":2,"featured_media":7513,"parent":7483,"menu_order":7,"comment_status":"closed","ping_status":"closed","template":"pt_oferta.php","meta":{"_links_to":"","_links_to_target":""},"_links":{"self":[{"href":"https:\/\/ecn.kielce.pl\/index.php\/wp-json\/wp\/v2\/pages\/7512"}],"collection":[{"href":"https:\/\/ecn.kielce.pl\/index.php\/wp-json\/wp\/v2\/pages"}],"about":[{"href":"https:\/\/ecn.kielce.pl\/index.php\/wp-json\/wp\/v2\/types\/page"}],"author":[{"embeddable":true,"href":"https:\/\/ecn.kielce.pl\/index.php\/wp-json\/wp\/v2\/users\/2"}],"replies":[{"embeddable":true,"href":"https:\/\/ecn.kielce.pl\/index.php\/wp-json\/wp\/v2\/comments?post=7512"}],"version-history":[{"count":1,"href":"https:\/\/ecn.kielce.pl\/index.php\/wp-json\/wp\/v2\/pages\/7512\/revisions"}],"predecessor-version":[{"id":7514,"href":"https:\/\/ecn.kielce.pl\/index.php\/wp-json\/wp\/v2\/pages\/7512\/revisions\/7514"}],"up":[{"embeddable":true,"href":"https:\/\/ecn.kielce.pl\/index.php\/wp-json\/wp\/v2\/pages\/7483"}],"wp:featuredmedia":[{"embeddable":true,"href":"https:\/\/ecn.kielce.pl\/index.php\/wp-json\/wp\/v2\/media\/7513"}],"wp:attachment":[{"href":"https:\/\/ecn.kielce.pl\/index.php\/wp-json\/wp\/v2\/media?parent=7512"}],"curies":[{"name":"wp","href":"https:\/\/api.w.org\/{rel}","templated":true}]}}