{"id":7503,"date":"2020-12-06T09:00:00","date_gmt":"2020-12-06T08:00:00","guid":{"rendered":"http:\/\/ecn.kielce.pl\/?page_id=7503"},"modified":"2020-12-04T15:30:55","modified_gmt":"2020-12-04T14:30:55","slug":"6-grudnia","status":"publish","type":"page","link":"https:\/\/ecn.kielce.pl\/index.php\/pl\/oferta\/ecn-on-line\/naukowy-kalendarz-adwentowy-ecn\/6-grudnia\/","title":{"rendered":"6 grudnia"},"content":{"rendered":"\n<p><strong>Jakiego koloru jest \u015bnieg? <\/strong><\/p>\n<p>Tego typu pytania cz\u0119sto pojawiaj\u0105 si\u0119 wraz z pierwszymi oznakami nadchodz\u0105cej zimy. I jak dobrze ju\u017c wiecie, z pozoru prosta kwestia nieraz potrafi nas zaskoczy\u0107. Nie jest inaczej w tym przypadku, a zapewne odpowied\u017a nasuwa si\u0119 r\u00f3wnie szybko, jak ta na pytanie: \u201eCo pije krowa?\u201d. I tak, jak krowa nie pije mleka, tak \u015bnieg wcale nie jest bia\u0142y, a jest \u2026. przezroczysty! Je\u017celi bowiem czego\u015b przezroczystego jest bardzo du\u017co, w\u00f3wczas wydaje si\u0119 nam to bia\u0142e. Dok\u0142adnie tak jest z sol\u0105, cukrem, mg\u0142\u0105 czy w\u0142a\u015bnie \u015bniegiem. Sk\u0142ada si\u0119 on z wielu bezbarwnych kryszta\u0142k\u00f3w lodu, a ka\u017cdy z nich odbija w r\u00f3\u017cne strony wszystkie barwy \u015bwiat\u0142a prawie jednakowo silnie. Z\u0142o\u017cenie tych barw wywo\u0142uje w naszych oczach wra\u017cenie \u015bwiat\u0142a bia\u0142ego. To w\u0142a\u015bnie ten proces sprawia, \u017ce widzimy \u015bnieg jako bia\u0142y opad. <\/p>\n","protected":false},"excerpt":{"rendered":"<p>Jakiego koloru jest \u015bnieg? Tego typu pytania cz\u0119sto pojawiaj\u0105 si\u0119 wraz z pierwszymi oznakami nadchodz\u0105cej zimy. I jak dobrze ju\u017c wiecie, z pozoru prosta kwestia nieraz potrafi nas zaskoczy\u0107. Nie jest inaczej w tym przypadku, a zapewne odpowied\u017a nasuwa si\u0119 r\u00f3wnie szybko, jak ta na pytanie: \u201eCo pije krowa?\u201d. I tak, jak krowa nie pije [&hellip;]<\/p>\n","protected":false},"author":2,"featured_media":7500,"parent":7483,"menu_order":6,"comment_status":"closed","ping_status":"closed","template":"pt_oferta.php","meta":{"_links_to":"","_links_to_target":""},"_links":{"self":[{"href":"https:\/\/ecn.kielce.pl\/index.php\/wp-json\/wp\/v2\/pages\/7503"}],"collection":[{"href":"https:\/\/ecn.kielce.pl\/index.php\/wp-json\/wp\/v2\/pages"}],"about":[{"href":"https:\/\/ecn.kielce.pl\/index.php\/wp-json\/wp\/v2\/types\/page"}],"author":[{"embeddable":true,"href":"https:\/\/ecn.kielce.pl\/index.php\/wp-json\/wp\/v2\/users\/2"}],"replies":[{"embeddable":true,"href":"https:\/\/ecn.kielce.pl\/index.php\/wp-json\/wp\/v2\/comments?post=7503"}],"version-history":[{"count":2,"href":"https:\/\/ecn.kielce.pl\/index.php\/wp-json\/wp\/v2\/pages\/7503\/revisions"}],"predecessor-version":[{"id":7511,"href":"https:\/\/ecn.kielce.pl\/index.php\/wp-json\/wp\/v2\/pages\/7503\/revisions\/7511"}],"up":[{"embeddable":true,"href":"https:\/\/ecn.kielce.pl\/index.php\/wp-json\/wp\/v2\/pages\/7483"}],"wp:featuredmedia":[{"embeddable":true,"href":"https:\/\/ecn.kielce.pl\/index.php\/wp-json\/wp\/v2\/media\/7500"}],"wp:attachment":[{"href":"https:\/\/ecn.kielce.pl\/index.php\/wp-json\/wp\/v2\/media?parent=7503"}],"curies":[{"name":"wp","href":"https:\/\/api.w.org\/{rel}","templated":true}]}}

<p><strong>Jakiego koloru jest śnieg? </strong></p>
<p>Tego typu pytania często pojawiają się wraz z pierwszymi oznakami nadchodzącej zimy. I jak dobrze już wiecie, z pozoru prosta kwestia nieraz potrafi nas zaskoczyć. Nie jest inaczej w tym przypadku, a zapewne odpowiedź nasuwa się równie szybko, jak ta na pytanie: „Co pije krowa?”. I tak, jak krowa nie pije mleka, tak śnieg wcale nie jest biały, a jest …. przezroczysty! Jeżeli bowiem czegoś przezroczystego jest bardzo dużo, wówczas wydaje się nam to białe. Dokładnie tak jest z solą, cukrem, mgłą czy właśnie śniegiem. Składa się on z wielu bezbarwnych kryształków lodu, a każdy z nich odbija w różne strony wszystkie barwy światła prawie jednakowo silnie. Złożenie tych barw wywołuje w naszych oczach wrażenie światła białego. To właśnie ten proces sprawia, że widzimy śnieg jako biały opad. </p>

<p>Jakiego koloru jest śnieg? Tego typu pytania często pojawiają się wraz z pierwszymi oznakami nadchodzącej zimy. I jak dobrze już wiecie, z pozoru prosta kwestia nieraz potrafi nas zaskoczyć. Nie jest inaczej w tym przypadku, a zapewne odpowiedź nasuwa się równie szybko, jak ta na pytanie: „Co pije krowa?”. I tak, jak krowa nie pije [&hellip;]</p>
