{"id":7495,"date":"2020-12-04T13:57:29","date_gmt":"2020-12-04T12:57:29","guid":{"rendered":"http:\/\/ecn.kielce.pl\/?page_id=7495"},"modified":"2020-12-04T13:57:31","modified_gmt":"2020-12-04T12:57:31","slug":"4-grudnia","status":"publish","type":"page","link":"https:\/\/ecn.kielce.pl\/index.php\/pl\/oferta\/ecn-on-line\/naukowy-kalendarz-adwentowy-ecn\/4-grudnia\/","title":{"rendered":"4 grudnia"},"content":{"rendered":"\n<p><strong>U renifer\u00f3w \u017cyj\u0105cych w Arktyce kolor oczu, a przez to wra\u017cliwo\u015b\u0107 na \u015bwiat\u0142o, zmienia si\u0119 w zale\u017cno\u015bci od pory roku ze z\u0142otego latem na niebieski zim\u0105. <\/strong><\/p>\n<p>Renifery te, podobnie jak wiele innych zwierz\u0105t, maj\u0105 w oku warstw\u0119 tkanki zwan\u0105 b\u0142on\u0105 odblaskow\u0105 lub makat\u0105 odblaskow\u0105, kt\u00f3ra le\u017cy za siatk\u00f3wk\u0105. W jasnym \u015bwietle lata b\u0142ona jest z\u0142ota, natomiast zim\u0105 zmienia kolor na ciemnoniebieski, odbijaj\u0105c w ten spos\u00f3b mniej \u015bwiat\u0142a poza oko. Prawdopodobnie, jak twierdz\u0105 naukowcy z University College London i Uniwersytetu w Tromso w Norwegii, dzi\u0119ki temu przystosowaniu zwierz\u0119ta potrafi\u0105 skuteczniej dostrzega\u0107 poluj\u0105ce na nie drapie\u017cniki<\/p>\n","protected":false},"excerpt":{"rendered":"<p>U renifer\u00f3w \u017cyj\u0105cych w Arktyce kolor oczu, a przez to wra\u017cliwo\u015b\u0107 na \u015bwiat\u0142o, zmienia si\u0119 w zale\u017cno\u015bci od pory roku ze z\u0142otego latem na niebieski zim\u0105. Renifery te, podobnie jak wiele innych zwierz\u0105t, maj\u0105 w oku warstw\u0119 tkanki zwan\u0105 b\u0142on\u0105 odblaskow\u0105 lub makat\u0105 odblaskow\u0105, kt\u00f3ra le\u017cy za siatk\u00f3wk\u0105. W jasnym \u015bwietle lata b\u0142ona jest z\u0142ota, [&hellip;]<\/p>\n","protected":false},"author":2,"featured_media":7496,"parent":7483,"menu_order":4,"comment_status":"closed","ping_status":"closed","template":"pt_oferta.php","meta":{"_links_to":"","_links_to_target":""},"_links":{"self":[{"href":"https:\/\/ecn.kielce.pl\/index.php\/wp-json\/wp\/v2\/pages\/7495"}],"collection":[{"href":"https:\/\/ecn.kielce.pl\/index.php\/wp-json\/wp\/v2\/pages"}],"about":[{"href":"https:\/\/ecn.kielce.pl\/index.php\/wp-json\/wp\/v2\/types\/page"}],"author":[{"embeddable":true,"href":"https:\/\/ecn.kielce.pl\/index.php\/wp-json\/wp\/v2\/users\/2"}],"replies":[{"embeddable":true,"href":"https:\/\/ecn.kielce.pl\/index.php\/wp-json\/wp\/v2\/comments?post=7495"}],"version-history":[{"count":1,"href":"https:\/\/ecn.kielce.pl\/index.php\/wp-json\/wp\/v2\/pages\/7495\/revisions"}],"predecessor-version":[{"id":7497,"href":"https:\/\/ecn.kielce.pl\/index.php\/wp-json\/wp\/v2\/pages\/7495\/revisions\/7497"}],"up":[{"embeddable":true,"href":"https:\/\/ecn.kielce.pl\/index.php\/wp-json\/wp\/v2\/pages\/7483"}],"wp:featuredmedia":[{"embeddable":true,"href":"https:\/\/ecn.kielce.pl\/index.php\/wp-json\/wp\/v2\/media\/7496"}],"wp:attachment":[{"href":"https:\/\/ecn.kielce.pl\/index.php\/wp-json\/wp\/v2\/media?parent=7495"}],"curies":[{"name":"wp","href":"https:\/\/api.w.org\/{rel}","templated":true}]}}

<p><strong>U reniferów żyjących w Arktyce kolor oczu, a przez to wrażliwość na światło, zmienia się w zależności od pory roku ze złotego latem na niebieski zimą. </strong></p>
<p>Renifery te, podobnie jak wiele innych zwierząt, mają w oku warstwę tkanki zwaną błoną odblaskową lub makatą odblaskową, która leży za siatkówką. W jasnym świetle lata błona jest złota, natomiast zimą zmienia kolor na ciemnoniebieski, odbijając w ten sposób mniej światła poza oko. Prawdopodobnie, jak twierdzą naukowcy z University College London i Uniwersytetu w Tromso w Norwegii, dzięki temu przystosowaniu zwierzęta potrafią skuteczniej dostrzegać polujące na nie drapieżniki</p>

<p>U reniferów żyjących w Arktyce kolor oczu, a przez to wrażliwość na światło, zmienia się w zależności od pory roku ze złotego latem na niebieski zimą. Renifery te, podobnie jak wiele innych zwierząt, mają w oku warstwę tkanki zwaną błoną odblaskową lub makatą odblaskową, która leży za siatkówką. W jasnym świetle lata błona jest złota, [&hellip;]</p>
