{"id":7492,"date":"2020-12-03T09:37:41","date_gmt":"2020-12-03T08:37:41","guid":{"rendered":"http:\/\/ecn.kielce.pl\/?page_id=7492"},"modified":"2020-12-03T09:37:42","modified_gmt":"2020-12-03T08:37:42","slug":"3-grudnia","status":"publish","type":"page","link":"https:\/\/ecn.kielce.pl\/index.php\/pl\/oferta\/ecn-on-line\/naukowy-kalendarz-adwentowy-ecn\/3-grudnia\/","title":{"rendered":"3 grudnia"},"content":{"rendered":"\n<p><strong>Adwent rozpoczyna si\u0119 w niedziele najbli\u017csz\u0105 uroczysto\u015bci \u015bw. Andrzeja (czyli mi\u0119dzy 29 listopada a 3 grudnia). <\/strong><\/p>\n<p>Pierwotnie by\u0142 to okres sze\u015bciu tygodni poprzedzaj\u0105cych Bo\u017ce Narodzenie, obecnie trwa cztery. W tym okresie nale\u017ca\u0142o przestrzega\u0107 postu i powstrzyma\u0107 si\u0119 od wszelkich uciech. Huczne zabawy, wesela by\u0142y absolutnie zabronione. Okres adwentu to czas modlitw, nabo\u017ce\u0144stw i rozmy\u015bla\u0144 mia\u0142 przygotowa\u0107 duchowo ludzi do prze\u017cycia \u015bwi\u0105t. Na poranne msze-roraty- chodzi\u0142y g\u0142\u00f3wnie matki i dzieci, kt\u00f3re nios\u0142y p\u0142on\u0105ce \u015bwiece. W niekt\u00f3rych regionach odmienno\u015b\u0107 tego okresu podkre\u015blano tak\u017ce skromnym ubiorem i wygl\u0105dem dom\u00f3w. W czasie adwent\u00f3w nie wolno by\u0142o wykonywa\u0107 \u017cadnych prac w polu. Ludzie wierzyli, \u017ce naruszenie snu ziemi spowoduje jej niep\u0142odno\u015b\u0107. W niekt\u00f3rych regionach wa\u017cnym dniem by\u0142 4 grudnia \u2013 Dzie\u0144 \u015bw. Barbary (patronki g\u00f3rnik\u00f3w, ale tak\u017ce \u017ceglarzy, rybak\u00f3w, budowniczych). Do dzi\u015b pozosta\u0142 zwyczaj obdarowywania grzecznych dzieci prezentami 6 grudnia, w dniu \u015bw. Miko\u0142aja, kt\u00f3rego uwa\u017cano za patrona (mi\u0119dzy innymi) uczonych, notariuszy, m\u0142ynarzy, piekarzy, podr\u00f3\u017cnych i panien na wydaniu. Przygotowania \u015bwi\u0105teczne i porz\u0105dki rozpocz\u0105\u0107 mo\u017cna by\u0142o dopiero w dzie\u0144 \u015bw. \u0141ucji \u2013 13 grudnia. Wierzono, \u017ce jest to dzie\u0144 sprzyjaj\u0105cy z\u0142ym duchom, strzygom, gu\u015blarzom i czarownicom, dlatego te\u017c \u201eodczyniano uroki\u201d. \u201eZ\u0142\u0105 s\u0142aw\u0119\u201d \u0141ucji wykorzystywa\u0142a m\u0142odzie\u017c w noc poprzedzaj\u0105c\u0105, psoc\u0105c i kradn\u0105c. Dwana\u015bcie dni pomi\u0119dzy \u015bw. \u0141ucj\u0105 a Bo\u017cym Narodzeniem prorokowa\u0142o pogod\u0119 na ca\u0142y rok (kolejne dni odpowiada\u0142y miesi\u0105com nadchodz\u0105cego roku).<\/p>\n","protected":false},"excerpt":{"rendered":"<p>Adwent rozpoczyna si\u0119 w niedziele najbli\u017csz\u0105 uroczysto\u015bci \u015bw. Andrzeja (czyli mi\u0119dzy 29 listopada a 3 grudnia). Pierwotnie by\u0142 to okres sze\u015bciu tygodni poprzedzaj\u0105cych Bo\u017ce Narodzenie, obecnie trwa cztery. W tym okresie nale\u017ca\u0142o przestrzega\u0107 postu i powstrzyma\u0107 si\u0119 od wszelkich uciech. Huczne zabawy, wesela by\u0142y absolutnie zabronione. Okres adwentu to czas modlitw, nabo\u017ce\u0144stw i rozmy\u015bla\u0144 mia\u0142 [&hellip;]<\/p>\n","protected":false},"author":2,"featured_media":7493,"parent":7483,"menu_order":3,"comment_status":"closed","ping_status":"closed","template":"pt_oferta.php","meta":{"_links_to":"","_links_to_target":""},"_links":{"self":[{"href":"https:\/\/ecn.kielce.pl\/index.php\/wp-json\/wp\/v2\/pages\/7492"}],"collection":[{"href":"https:\/\/ecn.kielce.pl\/index.php\/wp-json\/wp\/v2\/pages"}],"about":[{"href":"https:\/\/ecn.kielce.pl\/index.php\/wp-json\/wp\/v2\/types\/page"}],"author":[{"embeddable":true,"href":"https:\/\/ecn.kielce.pl\/index.php\/wp-json\/wp\/v2\/users\/2"}],"replies":[{"embeddable":true,"href":"https:\/\/ecn.kielce.pl\/index.php\/wp-json\/wp\/v2\/comments?post=7492"}],"version-history":[{"count":1,"href":"https:\/\/ecn.kielce.pl\/index.php\/wp-json\/wp\/v2\/pages\/7492\/revisions"}],"predecessor-version":[{"id":7494,"href":"https:\/\/ecn.kielce.pl\/index.php\/wp-json\/wp\/v2\/pages\/7492\/revisions\/7494"}],"up":[{"embeddable":true,"href":"https:\/\/ecn.kielce.pl\/index.php\/wp-json\/wp\/v2\/pages\/7483"}],"wp:featuredmedia":[{"embeddable":true,"href":"https:\/\/ecn.kielce.pl\/index.php\/wp-json\/wp\/v2\/media\/7493"}],"wp:attachment":[{"href":"https:\/\/ecn.kielce.pl\/index.php\/wp-json\/wp\/v2\/media?parent=7492"}],"curies":[{"name":"wp","href":"https:\/\/api.w.org\/{rel}","templated":true}]}}

<p><strong>Adwent rozpoczyna się w niedziele najbliższą uroczystości św. Andrzeja (czyli między 29 listopada a 3 grudnia). </strong></p>
<p>Pierwotnie był to okres sześciu tygodni poprzedzających Boże Narodzenie, obecnie trwa cztery. W tym okresie należało przestrzegać postu i powstrzymać się od wszelkich uciech. Huczne zabawy, wesela były absolutnie zabronione. Okres adwentu to czas modlitw, nabożeństw i rozmyślań miał przygotować duchowo ludzi do przeżycia świąt. Na poranne msze-roraty- chodziły głównie matki i dzieci, które niosły płonące świece. W niektórych regionach odmienność tego okresu podkreślano także skromnym ubiorem i wyglądem domów. W czasie adwentów nie wolno było wykonywać żadnych prac w polu. Ludzie wierzyli, że naruszenie snu ziemi spowoduje jej niepłodność. W niektórych regionach ważnym dniem był 4 grudnia – Dzień św. Barbary (patronki górników, ale także żeglarzy, rybaków, budowniczych). Do dziś pozostał zwyczaj obdarowywania grzecznych dzieci prezentami 6 grudnia, w dniu św. Mikołaja, którego uważano za patrona (między innymi) uczonych, notariuszy, młynarzy, piekarzy, podróżnych i panien na wydaniu. Przygotowania świąteczne i porządki rozpocząć można było dopiero w dzień św. Łucji – 13 grudnia. Wierzono, że jest to dzień sprzyjający złym duchom, strzygom, guślarzom i czarownicom, dlatego też „odczyniano uroki”. „Złą sławę” Łucji wykorzystywała młodzież w noc poprzedzającą, psocąc i kradnąc. Dwanaście dni pomiędzy św. Łucją a Bożym Narodzeniem prorokowało pogodę na cały rok (kolejne dni odpowiadały miesiącom nadchodzącego roku).</p>

<p>Adwent rozpoczyna się w niedziele najbliższą uroczystości św. Andrzeja (czyli między 29 listopada a 3 grudnia). Pierwotnie był to okres sześciu tygodni poprzedzających Boże Narodzenie, obecnie trwa cztery. W tym okresie należało przestrzegać postu i powstrzymać się od wszelkich uciech. Huczne zabawy, wesela były absolutnie zabronione. Okres adwentu to czas modlitw, nabożeństw i rozmyślań miał [&hellip;]</p>
