{"id":7488,"date":"2020-12-02T09:46:08","date_gmt":"2020-12-02T08:46:08","guid":{"rendered":"http:\/\/ecn.kielce.pl\/?page_id=7488"},"modified":"2020-12-02T09:46:09","modified_gmt":"2020-12-02T08:46:09","slug":"2-grudnia","status":"publish","type":"page","link":"https:\/\/ecn.kielce.pl\/index.php\/pl\/oferta\/ecn-on-line\/naukowy-kalendarz-adwentowy-ecn\/2-grudnia\/","title":{"rendered":"2 grudnia"},"content":{"rendered":"\n<p><strong>Czy wiecie, \u017ce istnieje choroba o nazwie chinofobia, czyli paniczny l\u0119k przed \u015bniegiem?<\/strong><!--more-->Osoby, kt\u00f3re na ni\u0105 cierpi\u0105 boj\u0105 si\u0119, \u017ce \u015bmiertelnie ugrz\u0119zn\u0105 w \u015bniegu, b\u0119d\u0105 nim zasypane lub, \u017ce opady \u015bniegu spowoduj\u0105 fatalny wypadek. Czym objawia si\u0119 chinofobia? Chorzy obsesyjnie sprawdzaj\u0105 prognoz\u0119 pogody, nie wychodz\u0105 z domu, gdy spadnie \u015bnieg, a w ekstremalnych przypadkach, dostaj\u0105 atak\u00f3w paniki.<\/p>\n","protected":false},"excerpt":{"rendered":"<p>Czy wiecie, \u017ce istnieje choroba o nazwie chinofobia, czyli paniczny l\u0119k przed \u015bniegiem?<\/p>\n","protected":false},"author":2,"featured_media":7490,"parent":7483,"menu_order":2,"comment_status":"closed","ping_status":"closed","template":"pt_oferta.php","meta":{"_links_to":"","_links_to_target":""},"_links":{"self":[{"href":"https:\/\/ecn.kielce.pl\/index.php\/wp-json\/wp\/v2\/pages\/7488"}],"collection":[{"href":"https:\/\/ecn.kielce.pl\/index.php\/wp-json\/wp\/v2\/pages"}],"about":[{"href":"https:\/\/ecn.kielce.pl\/index.php\/wp-json\/wp\/v2\/types\/page"}],"author":[{"embeddable":true,"href":"https:\/\/ecn.kielce.pl\/index.php\/wp-json\/wp\/v2\/users\/2"}],"replies":[{"embeddable":true,"href":"https:\/\/ecn.kielce.pl\/index.php\/wp-json\/wp\/v2\/comments?post=7488"}],"version-history":[{"count":1,"href":"https:\/\/ecn.kielce.pl\/index.php\/wp-json\/wp\/v2\/pages\/7488\/revisions"}],"predecessor-version":[{"id":7491,"href":"https:\/\/ecn.kielce.pl\/index.php\/wp-json\/wp\/v2\/pages\/7488\/revisions\/7491"}],"up":[{"embeddable":true,"href":"https:\/\/ecn.kielce.pl\/index.php\/wp-json\/wp\/v2\/pages\/7483"}],"wp:featuredmedia":[{"embeddable":true,"href":"https:\/\/ecn.kielce.pl\/index.php\/wp-json\/wp\/v2\/media\/7490"}],"wp:attachment":[{"href":"https:\/\/ecn.kielce.pl\/index.php\/wp-json\/wp\/v2\/media?parent=7488"}],"curies":[{"name":"wp","href":"https:\/\/api.w.org\/{rel}","templated":true}]}}

<p><strong>Czy wiecie, że istnieje choroba o nazwie chinofobia, czyli paniczny lęk przed śniegiem?</strong><!--more-->Osoby, które na nią cierpią boją się, że śmiertelnie ugrzęzną w śniegu, będą nim zasypane lub, że opady śniegu spowodują fatalny wypadek. Czym objawia się chinofobia? Chorzy obsesyjnie sprawdzają prognozę pogody, nie wychodzą z domu, gdy spadnie śnieg, a w ekstremalnych przypadkach, dostają ataków paniki.</p>

<p>Czy wiecie, że istnieje choroba o nazwie chinofobia, czyli paniczny lęk przed śniegiem?</p>
