{"id":7410,"date":"2020-11-09T09:39:51","date_gmt":"2020-11-09T08:39:51","guid":{"rendered":"http:\/\/ecn.kielce.pl\/?page_id=7410"},"modified":"2020-12-04T14:02:15","modified_gmt":"2020-12-04T13:02:15","slug":"polscy-wynalazcy-i-ich-odkrycia","status":"publish","type":"page","link":"https:\/\/ecn.kielce.pl\/index.php\/pl\/oferta\/ecn-on-line\/polscy-wynalazcy-i-ich-odkrycia\/","title":{"rendered":"Polscy wynalazcy i ich odkrycia"},"content":{"rendered":"\n<p><strong>9 listopada obchodzimy Dzie\u0144 Wynalazcy. To bardzo dobra okazja do tego, aby zaprezentowa\u0107 sylwetki polskich odkrywc\u00f3w. ECN zaprasza na nowy cykl online, publikowany w ka\u017cdy poniedzia\u0142ek listopada 2020 r. <br \/><\/strong><\/p>\n","protected":false},"excerpt":{"rendered":"<p>9 listopada obchodzimy Dzie\u0144 Wynalazcy. To bardzo dobra okazja do tego, aby zaprezentowa\u0107 sylwetki polskich odkrywc\u00f3w. ECN zaprasza na nowy cykl online, publikowany w ka\u017cdy poniedzia\u0142ek listopada 2020 r.<\/p>\n","protected":false},"author":2,"featured_media":7401,"parent":6655,"menu_order":3,"comment_status":"closed","ping_status":"closed","template":"pt_oferta_kafelki.php","meta":{"_links_to":"","_links_to_target":""},"_links":{"self":[{"href":"https:\/\/ecn.kielce.pl\/index.php\/wp-json\/wp\/v2\/pages\/7410"}],"collection":[{"href":"https:\/\/ecn.kielce.pl\/index.php\/wp-json\/wp\/v2\/pages"}],"about":[{"href":"https:\/\/ecn.kielce.pl\/index.php\/wp-json\/wp\/v2\/types\/page"}],"author":[{"embeddable":true,"href":"https:\/\/ecn.kielce.pl\/index.php\/wp-json\/wp\/v2\/users\/2"}],"replies":[{"embeddable":true,"href":"https:\/\/ecn.kielce.pl\/index.php\/wp-json\/wp\/v2\/comments?post=7410"}],"version-history":[{"count":1,"href":"https:\/\/ecn.kielce.pl\/index.php\/wp-json\/wp\/v2\/pages\/7410\/revisions"}],"predecessor-version":[{"id":7411,"href":"https:\/\/ecn.kielce.pl\/index.php\/wp-json\/wp\/v2\/pages\/7410\/revisions\/7411"}],"up":[{"embeddable":true,"href":"https:\/\/ecn.kielce.pl\/index.php\/wp-json\/wp\/v2\/pages\/6655"}],"wp:featuredmedia":[{"embeddable":true,"href":"https:\/\/ecn.kielce.pl\/index.php\/wp-json\/wp\/v2\/media\/7401"}],"wp:attachment":[{"href":"https:\/\/ecn.kielce.pl\/index.php\/wp-json\/wp\/v2\/media?parent=7410"}],"curies":[{"name":"wp","href":"https:\/\/api.w.org\/{rel}","templated":true}]}}

<p><strong>9 listopada obchodzimy Dzień Wynalazcy. To bardzo dobra okazja do tego, aby zaprezentować sylwetki polskich odkrywców. ECN zaprasza na nowy cykl online, publikowany w każdy poniedziałek listopada 2020 r. <br /></strong></p>

<p>9 listopada obchodzimy Dzień Wynalazcy. To bardzo dobra okazja do tego, aby zaprezentować sylwetki polskich odkrywców. ECN zaprasza na nowy cykl online, publikowany w każdy poniedziałek listopada 2020 r.</p>
