{"id":7372,"date":"2020-10-28T21:42:02","date_gmt":"2020-10-28T20:42:02","guid":{"rendered":"http:\/\/ecn.kielce.pl\/?page_id=7372"},"modified":"2020-10-28T21:42:03","modified_gmt":"2020-10-28T20:42:03","slug":"czy-banany-sa-promieniotworcze","status":"publish","type":"page","link":"https:\/\/ecn.kielce.pl\/index.php\/pl\/oferta\/ecn-on-line\/ciekawostki-ecn\/czy-banany-sa-promieniotworcze\/","title":{"rendered":"Czy banany s\u0105 promieniotw\u00f3rcze?"},"content":{"rendered":"\n<p><strong>Banany zawieraj\u0105 du\u017ce ilo\u015bci potasu. Atomy potasu s\u0105 jednak niestabilne i rozpadaj\u0105 si\u0119, emituj\u0105c promieniowanie.<\/strong><\/p>\n<p>Banany zawieraj\u0105 du\u017ce ilo\u015bci potasu. Atomy potasu s\u0105 jednak niestabilne i rozpadaj\u0105 si\u0119, emituj\u0105c promieniowanie. Ale spokojnie, banany s\u0105 ca\u0142kowicie nieszkodliwe, nie s\u0105 na tyle promieniotw\u00f3rcze, by mog\u0142y nam zaszkodzi\u0107. Ciekawe jest natomiast to, \u017ce je\u015bli zjemy kilka banan\u00f3w poziom promieniowania b\u0119dzie na tyle wysoki, by mo\u017cna by\u0142o go zarejestrowa\u0107 przy pomocy licznika Geigera.<\/p>\n","protected":false},"excerpt":{"rendered":"<p>Banany zawieraj\u0105 du\u017ce ilo\u015bci potasu. Atomy potasu s\u0105 jednak niestabilne i rozpadaj\u0105 si\u0119, emituj\u0105c promieniowanie. Banany zawieraj\u0105 du\u017ce ilo\u015bci potasu. Atomy potasu s\u0105 jednak niestabilne i rozpadaj\u0105 si\u0119, emituj\u0105c promieniowanie. Ale spokojnie, banany s\u0105 ca\u0142kowicie nieszkodliwe, nie s\u0105 na tyle promieniotw\u00f3rcze, by mog\u0142y nam zaszkodzi\u0107. Ciekawe jest natomiast to, \u017ce je\u015bli zjemy kilka banan\u00f3w poziom [&hellip;]<\/p>\n","protected":false},"author":2,"featured_media":6228,"parent":7337,"menu_order":0,"comment_status":"closed","ping_status":"closed","template":"pt_oferta.php","meta":{"_links_to":"","_links_to_target":""},"_links":{"self":[{"href":"https:\/\/ecn.kielce.pl\/index.php\/wp-json\/wp\/v2\/pages\/7372"}],"collection":[{"href":"https:\/\/ecn.kielce.pl\/index.php\/wp-json\/wp\/v2\/pages"}],"about":[{"href":"https:\/\/ecn.kielce.pl\/index.php\/wp-json\/wp\/v2\/types\/page"}],"author":[{"embeddable":true,"href":"https:\/\/ecn.kielce.pl\/index.php\/wp-json\/wp\/v2\/users\/2"}],"replies":[{"embeddable":true,"href":"https:\/\/ecn.kielce.pl\/index.php\/wp-json\/wp\/v2\/comments?post=7372"}],"version-history":[{"count":1,"href":"https:\/\/ecn.kielce.pl\/index.php\/wp-json\/wp\/v2\/pages\/7372\/revisions"}],"predecessor-version":[{"id":7373,"href":"https:\/\/ecn.kielce.pl\/index.php\/wp-json\/wp\/v2\/pages\/7372\/revisions\/7373"}],"up":[{"embeddable":true,"href":"https:\/\/ecn.kielce.pl\/index.php\/wp-json\/wp\/v2\/pages\/7337"}],"wp:featuredmedia":[{"embeddable":true,"href":"https:\/\/ecn.kielce.pl\/index.php\/wp-json\/wp\/v2\/media\/6228"}],"wp:attachment":[{"href":"https:\/\/ecn.kielce.pl\/index.php\/wp-json\/wp\/v2\/media?parent=7372"}],"curies":[{"name":"wp","href":"https:\/\/api.w.org\/{rel}","templated":true}]}}