{"id":7370,"date":"2020-10-28T21:40:36","date_gmt":"2020-10-28T20:40:36","guid":{"rendered":"http:\/\/ecn.kielce.pl\/?page_id=7370"},"modified":"2020-10-28T21:40:38","modified_gmt":"2020-10-28T20:40:38","slug":"czy-deszcz-moze-rozpuscic-budynek","status":"publish","type":"page","link":"https:\/\/ecn.kielce.pl\/index.php\/pl\/oferta\/ecn-on-line\/ciekawostki-ecn\/czy-deszcz-moze-rozpuscic-budynek\/","title":{"rendered":"Czy deszcz mo\u017ce rozpu\u015bci\u0107 budynek?"},"content":{"rendered":"\n<p><strong>Cz\u0142owiek przyczynia si\u0119 w znacznym stopniu do emisji zanieczyszcze\u0144. Zwi\u0105zki chemiczne ulatuj\u0105 w powietrze, gdzie mieszaj\u0105 si\u0119 z gazami obecnymi w atmosferze.<\/strong><\/p>\n<p>W drodze reakcji chemicznej powstaj\u0105 dwutlenek siarki i tlenki azotu, kt\u00f3re s\u0105 rozpuszczalne w wodzie. Powstaj\u0105 kwas siarkowy i kwas azotowy, opadaj\u0105 na ziemi\u0119 jako kwa\u015bny deszcz, kt\u00f3ry rozpuszcza mi\u0119kkie ska\u0142y, takie jak piaskowce i wapienie. Deszcz nie rozpu\u015bci ca\u0142ego budynku, ale mo\u017ce go uszkodzi\u0107 i spowodowa\u0107 znaczne zniszczenia element\u00f3w architektonicznych.<\/p>\n","protected":false},"excerpt":{"rendered":"<p>Cz\u0142owiek przyczynia si\u0119 w znacznym stopniu do emisji zanieczyszcze\u0144. Zwi\u0105zki chemiczne ulatuj\u0105 w powietrze, gdzie mieszaj\u0105 si\u0119 z gazami obecnymi w atmosferze. W drodze reakcji chemicznej powstaj\u0105 dwutlenek siarki i tlenki azotu, kt\u00f3re s\u0105 rozpuszczalne w wodzie. Powstaj\u0105 kwas siarkowy i kwas azotowy, opadaj\u0105 na ziemi\u0119 jako kwa\u015bny deszcz, kt\u00f3ry rozpuszcza mi\u0119kkie ska\u0142y, takie jak [&hellip;]<\/p>\n","protected":false},"author":2,"featured_media":6213,"parent":7337,"menu_order":0,"comment_status":"closed","ping_status":"closed","template":"pt_oferta.php","meta":{"_links_to":"","_links_to_target":""},"_links":{"self":[{"href":"https:\/\/ecn.kielce.pl\/index.php\/wp-json\/wp\/v2\/pages\/7370"}],"collection":[{"href":"https:\/\/ecn.kielce.pl\/index.php\/wp-json\/wp\/v2\/pages"}],"about":[{"href":"https:\/\/ecn.kielce.pl\/index.php\/wp-json\/wp\/v2\/types\/page"}],"author":[{"embeddable":true,"href":"https:\/\/ecn.kielce.pl\/index.php\/wp-json\/wp\/v2\/users\/2"}],"replies":[{"embeddable":true,"href":"https:\/\/ecn.kielce.pl\/index.php\/wp-json\/wp\/v2\/comments?post=7370"}],"version-history":[{"count":1,"href":"https:\/\/ecn.kielce.pl\/index.php\/wp-json\/wp\/v2\/pages\/7370\/revisions"}],"predecessor-version":[{"id":7371,"href":"https:\/\/ecn.kielce.pl\/index.php\/wp-json\/wp\/v2\/pages\/7370\/revisions\/7371"}],"up":[{"embeddable":true,"href":"https:\/\/ecn.kielce.pl\/index.php\/wp-json\/wp\/v2\/pages\/7337"}],"wp:featuredmedia":[{"embeddable":true,"href":"https:\/\/ecn.kielce.pl\/index.php\/wp-json\/wp\/v2\/media\/6213"}],"wp:attachment":[{"href":"https:\/\/ecn.kielce.pl\/index.php\/wp-json\/wp\/v2\/media?parent=7370"}],"curies":[{"name":"wp","href":"https:\/\/api.w.org\/{rel}","templated":true}]}}