{"id":7368,"date":"2020-10-28T21:39:25","date_gmt":"2020-10-28T20:39:25","guid":{"rendered":"http:\/\/ecn.kielce.pl\/?page_id=7368"},"modified":"2020-10-28T21:39:26","modified_gmt":"2020-10-28T20:39:26","slug":"czy-pingwiny-z-antarktydy-tocza-bitwy-na-sniezki","status":"publish","type":"page","link":"https:\/\/ecn.kielce.pl\/index.php\/pl\/oferta\/ecn-on-line\/ciekawostki-ecn\/czy-pingwiny-z-antarktydy-tocza-bitwy-na-sniezki\/","title":{"rendered":"Czy pingwiny z Antarktydy tocz\u0105 bitwy na \u015bnie\u017cki?"},"content":{"rendered":"\n<p><strong>Cho\u0107 nasza wyobra\u017ania podpowiada nam, \u017ce pingwiny z Antarktydy faktycznie mog\u0142yby toczy\u0107 bitwy na \u015bnie\u017cki, to jednak w rzeczywisto\u015bci nie mog\u0105 tego robi\u0107, nawet gdyby chcia\u0142y.<\/strong><\/p>\n<p>\u015anieg musi by\u0107 wilgotny, aby mo\u017cna by\u0142o z niego ulepi\u0107 \u015bnie\u017cki. Na Antarktydzie \u015bnieg jest zbyt suchy i sypki. W\u0142a\u015bnie dlatego pingwiny nie tocz\u0105 bitew na \u015bnie\u017cki i pewnie te\u017c dlatego, \u017ce nie maj\u0105 r\u0105k, tylko p\u0142etwy.<\/p>\n","protected":false},"excerpt":{"rendered":"<p>Cho\u0107 nasza wyobra\u017ania podpowiada nam, \u017ce pingwiny z Antarktydy faktycznie mog\u0142yby toczy\u0107 bitwy na \u015bnie\u017cki, to jednak w rzeczywisto\u015bci nie mog\u0105 tego robi\u0107, nawet gdyby chcia\u0142y. \u015anieg musi by\u0107 wilgotny, aby mo\u017cna by\u0142o z niego ulepi\u0107 \u015bnie\u017cki. Na Antarktydzie \u015bnieg jest zbyt suchy i sypki. W\u0142a\u015bnie dlatego pingwiny nie tocz\u0105 bitew na \u015bnie\u017cki i pewnie [&hellip;]<\/p>\n","protected":false},"author":2,"featured_media":6174,"parent":7337,"menu_order":0,"comment_status":"closed","ping_status":"closed","template":"pt_oferta.php","meta":{"_links_to":"","_links_to_target":""},"_links":{"self":[{"href":"https:\/\/ecn.kielce.pl\/index.php\/wp-json\/wp\/v2\/pages\/7368"}],"collection":[{"href":"https:\/\/ecn.kielce.pl\/index.php\/wp-json\/wp\/v2\/pages"}],"about":[{"href":"https:\/\/ecn.kielce.pl\/index.php\/wp-json\/wp\/v2\/types\/page"}],"author":[{"embeddable":true,"href":"https:\/\/ecn.kielce.pl\/index.php\/wp-json\/wp\/v2\/users\/2"}],"replies":[{"embeddable":true,"href":"https:\/\/ecn.kielce.pl\/index.php\/wp-json\/wp\/v2\/comments?post=7368"}],"version-history":[{"count":1,"href":"https:\/\/ecn.kielce.pl\/index.php\/wp-json\/wp\/v2\/pages\/7368\/revisions"}],"predecessor-version":[{"id":7369,"href":"https:\/\/ecn.kielce.pl\/index.php\/wp-json\/wp\/v2\/pages\/7368\/revisions\/7369"}],"up":[{"embeddable":true,"href":"https:\/\/ecn.kielce.pl\/index.php\/wp-json\/wp\/v2\/pages\/7337"}],"wp:featuredmedia":[{"embeddable":true,"href":"https:\/\/ecn.kielce.pl\/index.php\/wp-json\/wp\/v2\/media\/6174"}],"wp:attachment":[{"href":"https:\/\/ecn.kielce.pl\/index.php\/wp-json\/wp\/v2\/media?parent=7368"}],"curies":[{"name":"wp","href":"https:\/\/api.w.org\/{rel}","templated":true}]}}