{"id":7356,"date":"2020-10-28T21:33:19","date_gmt":"2020-10-28T20:33:19","guid":{"rendered":"http:\/\/ecn.kielce.pl\/?page_id=7356"},"modified":"2020-10-28T21:35:44","modified_gmt":"2020-10-28T20:35:44","slug":"dlaczego-nie-spadamy-w-przestrzen-kosmiczna","status":"publish","type":"page","link":"https:\/\/ecn.kielce.pl\/index.php\/pl\/oferta\/ecn-on-line\/ciekawostki-ecn\/dlaczego-nie-spadamy-w-przestrzen-kosmiczna\/","title":{"rendered":"Dlaczego nie spadamy w przestrze\u0144 kosmiczn\u0105?"},"content":{"rendered":"\n<p><strong>Wszystkie obiekty posiadaj\u0105ce mas\u0119 przyci\u0105gaj\u0105 si\u0119 nawzajem.<\/strong><\/p>\n<p>Im wi\u0119ksza masa, tym wi\u0119ksza si\u0142a przyci\u0105gania \u2013 zjawisko to nazywamy grawitacj\u0105. Grawitacja jest spoiwem Wszech\u015bwiata. S\u0142o\u0144ce przyci\u0105ga Ziemi\u0119 i inne planety. Ziemia przyci\u0105ga Ksi\u0119\u017cyc i nas \u2013 dlatego nie \u201espadamy\u201d w przestrze\u0144 kosmiczn\u0105.<\/p>\n","protected":false},"excerpt":{"rendered":"<p>Wszystkie obiekty posiadaj\u0105ce mas\u0119 przyci\u0105gaj\u0105 si\u0119 nawzajem. Im wi\u0119ksza masa, tym wi\u0119ksza si\u0142a przyci\u0105gania \u2013 zjawisko to nazywamy grawitacj\u0105. Grawitacja jest spoiwem Wszech\u015bwiata. S\u0142o\u0144ce przyci\u0105ga Ziemi\u0119 i inne planety. Ziemia przyci\u0105ga Ksi\u0119\u017cyc i nas \u2013 dlatego nie \u201espadamy\u201d w przestrze\u0144 kosmiczn\u0105.<\/p>\n","protected":false},"author":2,"featured_media":6137,"parent":7337,"menu_order":0,"comment_status":"closed","ping_status":"closed","template":"pt_oferta.php","meta":{"_links_to":"","_links_to_target":""},"_links":{"self":[{"href":"https:\/\/ecn.kielce.pl\/index.php\/wp-json\/wp\/v2\/pages\/7356"}],"collection":[{"href":"https:\/\/ecn.kielce.pl\/index.php\/wp-json\/wp\/v2\/pages"}],"about":[{"href":"https:\/\/ecn.kielce.pl\/index.php\/wp-json\/wp\/v2\/types\/page"}],"author":[{"embeddable":true,"href":"https:\/\/ecn.kielce.pl\/index.php\/wp-json\/wp\/v2\/users\/2"}],"replies":[{"embeddable":true,"href":"https:\/\/ecn.kielce.pl\/index.php\/wp-json\/wp\/v2\/comments?post=7356"}],"version-history":[{"count":2,"href":"https:\/\/ecn.kielce.pl\/index.php\/wp-json\/wp\/v2\/pages\/7356\/revisions"}],"predecessor-version":[{"id":7363,"href":"https:\/\/ecn.kielce.pl\/index.php\/wp-json\/wp\/v2\/pages\/7356\/revisions\/7363"}],"up":[{"embeddable":true,"href":"https:\/\/ecn.kielce.pl\/index.php\/wp-json\/wp\/v2\/pages\/7337"}],"wp:featuredmedia":[{"embeddable":true,"href":"https:\/\/ecn.kielce.pl\/index.php\/wp-json\/wp\/v2\/media\/6137"}],"wp:attachment":[{"href":"https:\/\/ecn.kielce.pl\/index.php\/wp-json\/wp\/v2\/media?parent=7356"}],"curies":[{"name":"wp","href":"https:\/\/api.w.org\/{rel}","templated":true}]}}

Dlaczego nie spadamy w przestrzeń kosmiczną?

<p><strong>Wszystkie obiekty posiadające masę przyciągają się nawzajem.</strong></p>
<p>Im większa masa, tym większa siła przyciągania – zjawisko to nazywamy grawitacją. Grawitacja jest spoiwem Wszechświata. Słońce przyciąga Ziemię i inne planety. Ziemia przyciąga Księżyc i nas – dlatego nie „spadamy” w przestrzeń kosmiczną.</p>

<p>Wszystkie obiekty posiadające masę przyciągają się nawzajem. Im większa masa, tym większa siła przyciągania – zjawisko to nazywamy grawitacją. Grawitacja jest spoiwem Wszechświata. Słońce przyciąga Ziemię i inne planety. Ziemia przyciąga Księżyc i nas – dlatego nie „spadamy” w przestrzeń kosmiczną.</p>
