{"id":7342,"date":"2020-10-28T21:23:54","date_gmt":"2020-10-28T20:23:54","guid":{"rendered":"http:\/\/ecn.kielce.pl\/?page_id=7342"},"modified":"2020-10-28T21:23:55","modified_gmt":"2020-10-28T20:23:55","slug":"czy-drzewa-moga-nam-pomoc-w-poszukiwaniu-kierunkow-swiata","status":"publish","type":"page","link":"https:\/\/ecn.kielce.pl\/index.php\/pl\/oferta\/ecn-on-line\/ciekawostki-ecn\/czy-drzewa-moga-nam-pomoc-w-poszukiwaniu-kierunkow-swiata\/","title":{"rendered":"Czy drzewa mog\u0105 nam pom\u00f3c w poszukiwaniu kierunk\u00f3w \u015bwiata?"},"content":{"rendered":"\n<p><strong>Okazuje si\u0119, \u017ce tak i to na kilka sposob\u00f3w. Jednym z nich jest obserwacja mchu, kt\u00f3ry czasem porasta drzewa.<\/strong> Lubi on wilgotne i zacienione miejsca, dlatego najcz\u0119\u015bciej ro\u015bnie od p\u00f3\u0142nocy. Innym sposobem jest obserwacja drzew li\u015bciastych rosn\u0105cych w miejscach nas\u0142onecznionych, oraz drzew rosn\u0105cych samotnie. Korony tych drzew s\u0105 bardziej roz\u0142o\u017cyste od strony po\u0142udniowej tak, aby bardziej wystawia\u0107 si\u0119 na dzia\u0142anie S\u0142o\u0144ca. Okazuje si\u0119 r\u00f3wnie\u017c, \u017ce nawet s\u0142oje obserwowane w \u015bci\u0119tych pniach drzew mog\u0105 by\u0107 dla nas wskaz\u00f3wk\u0105. S\u0142oje w po\u0142udniowej cz\u0119\u015bci pnia s\u0105 od siebie oddalone bardziej, ni\u017c s\u0142oje w cz\u0119\u015bci p\u00f3\u0142nocnej.<\/p>\n","protected":false},"excerpt":{"rendered":"<p>Okazuje si\u0119, \u017ce tak i to na kilka sposob\u00f3w. Jednym z nich jest obserwacja mchu, kt\u00f3ry czasem porasta drzewa. Lubi on wilgotne i zacienione miejsca, dlatego najcz\u0119\u015bciej ro\u015bnie od p\u00f3\u0142nocy. Innym sposobem jest obserwacja drzew li\u015bciastych rosn\u0105cych w miejscach nas\u0142onecznionych, oraz drzew rosn\u0105cych samotnie. Korony tych drzew s\u0105 bardziej roz\u0142o\u017cyste od strony po\u0142udniowej tak, aby [&hellip;]<\/p>\n","protected":false},"author":2,"featured_media":5952,"parent":7337,"menu_order":0,"comment_status":"closed","ping_status":"closed","template":"pt_oferta.php","meta":{"_links_to":"","_links_to_target":""},"_links":{"self":[{"href":"https:\/\/ecn.kielce.pl\/index.php\/wp-json\/wp\/v2\/pages\/7342"}],"collection":[{"href":"https:\/\/ecn.kielce.pl\/index.php\/wp-json\/wp\/v2\/pages"}],"about":[{"href":"https:\/\/ecn.kielce.pl\/index.php\/wp-json\/wp\/v2\/types\/page"}],"author":[{"embeddable":true,"href":"https:\/\/ecn.kielce.pl\/index.php\/wp-json\/wp\/v2\/users\/2"}],"replies":[{"embeddable":true,"href":"https:\/\/ecn.kielce.pl\/index.php\/wp-json\/wp\/v2\/comments?post=7342"}],"version-history":[{"count":1,"href":"https:\/\/ecn.kielce.pl\/index.php\/wp-json\/wp\/v2\/pages\/7342\/revisions"}],"predecessor-version":[{"id":7343,"href":"https:\/\/ecn.kielce.pl\/index.php\/wp-json\/wp\/v2\/pages\/7342\/revisions\/7343"}],"up":[{"embeddable":true,"href":"https:\/\/ecn.kielce.pl\/index.php\/wp-json\/wp\/v2\/pages\/7337"}],"wp:featuredmedia":[{"embeddable":true,"href":"https:\/\/ecn.kielce.pl\/index.php\/wp-json\/wp\/v2\/media\/5952"}],"wp:attachment":[{"href":"https:\/\/ecn.kielce.pl\/index.php\/wp-json\/wp\/v2\/media?parent=7342"}],"curies":[{"name":"wp","href":"https:\/\/api.w.org\/{rel}","templated":true}]}}