{"id":7333,"date":"2020-10-28T16:05:24","date_gmt":"2020-10-28T15:05:24","guid":{"rendered":"http:\/\/ecn.kielce.pl\/?page_id=7333"},"modified":"2020-10-28T16:05:25","modified_gmt":"2020-10-28T15:05:25","slug":"wieza-kolorow","status":"publish","type":"page","link":"https:\/\/ecn.kielce.pl\/index.php\/pl\/oferta\/ecn-on-line\/eksperymentuj-z-ecn\/wieza-kolorow\/","title":{"rendered":"Wie\u017ca kolor\u00f3w"},"content":{"rendered":"\n<p><strong>Czy mo\u017cna wykona\u0107 kolorow\u0105 wie\u017c\u0119 z\u2026 cieczy?<\/strong><\/p>\n<p>Sprawd\u017a w eksperymencie i spr\u00f3buj sam.<\/p>\n<p><iframe title=\"Wie\u017ca kolor\u00f3w\" width=\"500\" height=\"281\" src=\"https:\/\/www.youtube.com\/embed\/x0cXujfTLOo?feature=oembed\" frameborder=\"0\" allow=\"accelerometer; autoplay; clipboard-write; encrypted-media; gyroscope; picture-in-picture\" allowfullscreen><\/iframe><\/p>\n","protected":false},"excerpt":{"rendered":"<p>Czy mo\u017cna wykona\u0107 kolorow\u0105 wie\u017c\u0119 z\u2026 cieczy? Sprawd\u017a w eksperymencie i spr\u00f3buj sam.<\/p>\n","protected":false},"author":2,"featured_media":6402,"parent":7272,"menu_order":0,"comment_status":"closed","ping_status":"closed","template":"pt_oferta.php","meta":{"_links_to":"","_links_to_target":""},"_links":{"self":[{"href":"https:\/\/ecn.kielce.pl\/index.php\/wp-json\/wp\/v2\/pages\/7333"}],"collection":[{"href":"https:\/\/ecn.kielce.pl\/index.php\/wp-json\/wp\/v2\/pages"}],"about":[{"href":"https:\/\/ecn.kielce.pl\/index.php\/wp-json\/wp\/v2\/types\/page"}],"author":[{"embeddable":true,"href":"https:\/\/ecn.kielce.pl\/index.php\/wp-json\/wp\/v2\/users\/2"}],"replies":[{"embeddable":true,"href":"https:\/\/ecn.kielce.pl\/index.php\/wp-json\/wp\/v2\/comments?post=7333"}],"version-history":[{"count":1,"href":"https:\/\/ecn.kielce.pl\/index.php\/wp-json\/wp\/v2\/pages\/7333\/revisions"}],"predecessor-version":[{"id":7334,"href":"https:\/\/ecn.kielce.pl\/index.php\/wp-json\/wp\/v2\/pages\/7333\/revisions\/7334"}],"up":[{"embeddable":true,"href":"https:\/\/ecn.kielce.pl\/index.php\/wp-json\/wp\/v2\/pages\/7272"}],"wp:featuredmedia":[{"embeddable":true,"href":"https:\/\/ecn.kielce.pl\/index.php\/wp-json\/wp\/v2\/media\/6402"}],"wp:attachment":[{"href":"https:\/\/ecn.kielce.pl\/index.php\/wp-json\/wp\/v2\/media?parent=7333"}],"curies":[{"name":"wp","href":"https:\/\/api.w.org\/{rel}","templated":true}]}}

Wieża kolorów

<p><strong>Czy można wykonać kolorową wieżę z… cieczy?</strong></p>
<p>Sprawdź w eksperymencie i spróbuj sam.</p>
<p><iframe title="Wieża kolorów" width="500" height="281" src="https://www.youtube.com/embed/x0cXujfTLOo?feature=oembed" frameborder="0" allow="accelerometer; autoplay; clipboard-write; encrypted-media; gyroscope; picture-in-picture" allowfullscreen></iframe></p>

<p>Czy można wykonać kolorową wieżę z… cieczy? Sprawdź w eksperymencie i spróbuj sam.</p>
