{"id":7321,"date":"2020-10-28T14:47:55","date_gmt":"2020-10-28T13:47:55","guid":{"rendered":"http:\/\/ecn.kielce.pl\/?page_id=7321"},"modified":"2020-10-28T14:47:56","modified_gmt":"2020-10-28T13:47:56","slug":"tajemnicza-sila-przyciagania","status":"publish","type":"page","link":"https:\/\/ecn.kielce.pl\/index.php\/pl\/oferta\/ecn-on-line\/eksperymentuj-z-ecn\/tajemnicza-sila-przyciagania\/","title":{"rendered":"Tajemnicza si\u0142a przyci\u0105gania"},"content":{"rendered":"\n<p><strong>W jaki spos\u00f3b dzia\u0142aj\u0105 magnesy? Czy da si\u0119 na w\u0142asne oczy zobaczy\u0107 pole magnetyczne?<\/strong><\/p>\n<p>Jak magnesy pomagaj\u0105 w wyznaczaniu kierunk\u00f3w? Poznaj tajemnicz\u0105 si\u0142\u0119 przyci\u0105gania i wykonaj w\u0142asny wodny kompas.<\/p>\n<p><iframe title=\"Eksperymentuj z nami: Tajemnicza si\u0142a przyci\u0105gania\" width=\"500\" height=\"281\" src=\"https:\/\/www.youtube.com\/embed\/17KpO0Es9YE?feature=oembed\" frameborder=\"0\" allow=\"accelerometer; autoplay; clipboard-write; encrypted-media; gyroscope; picture-in-picture\" allowfullscreen><\/iframe><\/p>\n","protected":false},"excerpt":{"rendered":"<p>W jaki spos\u00f3b dzia\u0142aj\u0105 magnesy? Czy da si\u0119 na w\u0142asne oczy zobaczy\u0107 pole magnetyczne? Jak magnesy pomagaj\u0105 w wyznaczaniu kierunk\u00f3w? Poznaj tajemnicz\u0105 si\u0142\u0119 przyci\u0105gania i wykonaj w\u0142asny wodny kompas.<\/p>\n","protected":false},"author":2,"featured_media":6166,"parent":7272,"menu_order":0,"comment_status":"closed","ping_status":"closed","template":"pt_oferta.php","meta":{"_links_to":"","_links_to_target":""},"_links":{"self":[{"href":"https:\/\/ecn.kielce.pl\/index.php\/wp-json\/wp\/v2\/pages\/7321"}],"collection":[{"href":"https:\/\/ecn.kielce.pl\/index.php\/wp-json\/wp\/v2\/pages"}],"about":[{"href":"https:\/\/ecn.kielce.pl\/index.php\/wp-json\/wp\/v2\/types\/page"}],"author":[{"embeddable":true,"href":"https:\/\/ecn.kielce.pl\/index.php\/wp-json\/wp\/v2\/users\/2"}],"replies":[{"embeddable":true,"href":"https:\/\/ecn.kielce.pl\/index.php\/wp-json\/wp\/v2\/comments?post=7321"}],"version-history":[{"count":1,"href":"https:\/\/ecn.kielce.pl\/index.php\/wp-json\/wp\/v2\/pages\/7321\/revisions"}],"predecessor-version":[{"id":7322,"href":"https:\/\/ecn.kielce.pl\/index.php\/wp-json\/wp\/v2\/pages\/7321\/revisions\/7322"}],"up":[{"embeddable":true,"href":"https:\/\/ecn.kielce.pl\/index.php\/wp-json\/wp\/v2\/pages\/7272"}],"wp:featuredmedia":[{"embeddable":true,"href":"https:\/\/ecn.kielce.pl\/index.php\/wp-json\/wp\/v2\/media\/6166"}],"wp:attachment":[{"href":"https:\/\/ecn.kielce.pl\/index.php\/wp-json\/wp\/v2\/media?parent=7321"}],"curies":[{"name":"wp","href":"https:\/\/api.w.org\/{rel}","templated":true}]}}