{"id":7319,"date":"2020-10-28T14:45:53","date_gmt":"2020-10-28T13:45:53","guid":{"rendered":"http:\/\/ecn.kielce.pl\/?page_id=7319"},"modified":"2020-10-28T14:45:54","modified_gmt":"2020-10-28T13:45:54","slug":"pismo-sympatyczne","status":"publish","type":"page","link":"https:\/\/ecn.kielce.pl\/index.php\/pl\/oferta\/ecn-on-line\/eksperymentuj-z-ecn\/pismo-sympatyczne\/","title":{"rendered":"Pismo sympatyczne"},"content":{"rendered":"\n<p><strong>Czy chcieliby\u015bcie przekaza\u0107 komu\u015b zaszyfrowan\u0105 wiadomo\u015b\u0107? Z pomoc\u0105 przychodzi sok z cytryny i \u017celazko.<\/strong><\/p>\n<p>Sok z cytryny utlenia si\u0119 i ciemnieje po podgrzaniu, dzi\u0119ki czemu mo\u017cemy ukry\u0107 wiadomo\u015b\u0107. Jak to zrobi\u0107 podpowiadamy w kolejnym filmiku.<\/p>\n<p><iframe title=\"Pismo sympatyczne, czyli jak ukry\u0107 wiadomo\u015b\u0107\" width=\"500\" height=\"281\" src=\"https:\/\/www.youtube.com\/embed\/NCbvNczT4dY?feature=oembed\" frameborder=\"0\" allow=\"accelerometer; autoplay; clipboard-write; encrypted-media; gyroscope; picture-in-picture\" allowfullscreen><\/iframe><\/p>\n","protected":false},"excerpt":{"rendered":"<p>Czy chcieliby\u015bcie przekaza\u0107 komu\u015b zaszyfrowan\u0105 wiadomo\u015b\u0107? Z pomoc\u0105 przychodzi sok z cytryny i \u017celazko. Sok z cytryny utlenia si\u0119 i ciemnieje po podgrzaniu, dzi\u0119ki czemu mo\u017cemy ukry\u0107 wiadomo\u015b\u0107. Jak to zrobi\u0107 podpowiadamy w kolejnym filmiku.<\/p>\n","protected":false},"author":2,"featured_media":6144,"parent":7272,"menu_order":0,"comment_status":"closed","ping_status":"closed","template":"pt_oferta.php","meta":{"_links_to":"","_links_to_target":""},"_links":{"self":[{"href":"https:\/\/ecn.kielce.pl\/index.php\/wp-json\/wp\/v2\/pages\/7319"}],"collection":[{"href":"https:\/\/ecn.kielce.pl\/index.php\/wp-json\/wp\/v2\/pages"}],"about":[{"href":"https:\/\/ecn.kielce.pl\/index.php\/wp-json\/wp\/v2\/types\/page"}],"author":[{"embeddable":true,"href":"https:\/\/ecn.kielce.pl\/index.php\/wp-json\/wp\/v2\/users\/2"}],"replies":[{"embeddable":true,"href":"https:\/\/ecn.kielce.pl\/index.php\/wp-json\/wp\/v2\/comments?post=7319"}],"version-history":[{"count":1,"href":"https:\/\/ecn.kielce.pl\/index.php\/wp-json\/wp\/v2\/pages\/7319\/revisions"}],"predecessor-version":[{"id":7320,"href":"https:\/\/ecn.kielce.pl\/index.php\/wp-json\/wp\/v2\/pages\/7319\/revisions\/7320"}],"up":[{"embeddable":true,"href":"https:\/\/ecn.kielce.pl\/index.php\/wp-json\/wp\/v2\/pages\/7272"}],"wp:featuredmedia":[{"embeddable":true,"href":"https:\/\/ecn.kielce.pl\/index.php\/wp-json\/wp\/v2\/media\/6144"}],"wp:attachment":[{"href":"https:\/\/ecn.kielce.pl\/index.php\/wp-json\/wp\/v2\/media?parent=7319"}],"curies":[{"name":"wp","href":"https:\/\/api.w.org\/{rel}","templated":true}]}}