{"id":7317,"date":"2020-10-28T14:31:58","date_gmt":"2020-10-28T13:31:58","guid":{"rendered":"http:\/\/ecn.kielce.pl\/?page_id=7317"},"modified":"2020-10-28T14:32:00","modified_gmt":"2020-10-28T13:32:00","slug":"jak-rosliny-pija-wode","status":"publish","type":"page","link":"https:\/\/ecn.kielce.pl\/index.php\/pl\/oferta\/ecn-on-line\/eksperymentuj-z-ecn\/jak-rosliny-pija-wode\/","title":{"rendered":"Jak ro\u015bliny pij\u0105 wod\u0119?"},"content":{"rendered":"\n<p><strong>Czy zastanawia\u0142e\u015b si\u0119, co si\u0119 dzieje z wod\u0105, kt\u00f3r\u0105 podlewamy kwiaty? Jak dostaje si\u0119 z korzeni do najwy\u017cszych partii ro\u015blin?<\/strong><\/p>\n<p>Odpowiada za to efekt kapilarny. Zobacz w filmiku na czym polega i wykonaj eksperyment w domu.<\/p>\n<p><iframe title=\"Eksperymentuj z nami: Jak ro\u015bliny pij\u0105 wod\u0119?\" width=\"500\" height=\"281\" src=\"https:\/\/www.youtube.com\/embed\/RieML3H_6bk?feature=oembed\" frameborder=\"0\" allow=\"accelerometer; autoplay; clipboard-write; encrypted-media; gyroscope; picture-in-picture\" allowfullscreen><\/iframe><\/p>\n","protected":false},"excerpt":{"rendered":"<p>Czy zastanawia\u0142e\u015b si\u0119, co si\u0119 dzieje z wod\u0105, kt\u00f3r\u0105 podlewamy kwiaty? Jak dostaje si\u0119 z korzeni do najwy\u017cszych partii ro\u015blin? Odpowiada za to efekt kapilarny. Zobacz w filmiku na czym polega i wykonaj eksperyment w domu.<\/p>\n","protected":false},"author":2,"featured_media":6150,"parent":7272,"menu_order":0,"comment_status":"closed","ping_status":"closed","template":"pt_oferta.php","meta":{"_links_to":"","_links_to_target":""},"_links":{"self":[{"href":"https:\/\/ecn.kielce.pl\/index.php\/wp-json\/wp\/v2\/pages\/7317"}],"collection":[{"href":"https:\/\/ecn.kielce.pl\/index.php\/wp-json\/wp\/v2\/pages"}],"about":[{"href":"https:\/\/ecn.kielce.pl\/index.php\/wp-json\/wp\/v2\/types\/page"}],"author":[{"embeddable":true,"href":"https:\/\/ecn.kielce.pl\/index.php\/wp-json\/wp\/v2\/users\/2"}],"replies":[{"embeddable":true,"href":"https:\/\/ecn.kielce.pl\/index.php\/wp-json\/wp\/v2\/comments?post=7317"}],"version-history":[{"count":1,"href":"https:\/\/ecn.kielce.pl\/index.php\/wp-json\/wp\/v2\/pages\/7317\/revisions"}],"predecessor-version":[{"id":7318,"href":"https:\/\/ecn.kielce.pl\/index.php\/wp-json\/wp\/v2\/pages\/7317\/revisions\/7318"}],"up":[{"embeddable":true,"href":"https:\/\/ecn.kielce.pl\/index.php\/wp-json\/wp\/v2\/pages\/7272"}],"wp:featuredmedia":[{"embeddable":true,"href":"https:\/\/ecn.kielce.pl\/index.php\/wp-json\/wp\/v2\/media\/6150"}],"wp:attachment":[{"href":"https:\/\/ecn.kielce.pl\/index.php\/wp-json\/wp\/v2\/media?parent=7317"}],"curies":[{"name":"wp","href":"https:\/\/api.w.org\/{rel}","templated":true}]}}