{"id":7296,"date":"2020-10-26T19:44:12","date_gmt":"2020-10-26T18:44:12","guid":{"rendered":"http:\/\/ecn.kielce.pl\/?page_id=7296"},"modified":"2020-10-26T19:44:13","modified_gmt":"2020-10-26T18:44:13","slug":"gasnaca-swieczka","status":"publish","type":"page","link":"https:\/\/ecn.kielce.pl\/index.php\/pl\/oferta\/ecn-on-line\/eksperymentuj-z-ecn\/gasnaca-swieczka\/","title":{"rendered":"Gasn\u0105ca \u015bwieczka"},"content":{"rendered":"\n<p><strong>Tlen jest niezb\u0119dny do tego, aby rozpali\u0107 ogie\u0144. Co si\u0119 stanie ze \u015bwieczk\u0105, kt\u00f3r\u0105 przykryjemy naczyniem? A je\u015bli dodatkowo wype\u0142nimy je wod\u0105, jaka reakcja nast\u0105pi?<\/strong><\/p>\n<p><iframe title=\"Eksperymentuj z nami: Gasn\u0105ca \u015bwieczka\" width=\"500\" height=\"281\" src=\"https:\/\/www.youtube.com\/embed\/qtvMKTC-lfs?feature=oembed\" frameborder=\"0\" allow=\"accelerometer; autoplay; clipboard-write; encrypted-media; gyroscope; picture-in-picture\" allowfullscreen><\/iframe><\/p>\n","protected":false},"excerpt":{"rendered":"<p>Tlen jest niezb\u0119dny do tego, aby rozpali\u0107 ogie\u0144. Co si\u0119 stanie ze \u015bwieczk\u0105, kt\u00f3r\u0105 przykryjemy naczyniem? A je\u015bli dodatkowo wype\u0142nimy je wod\u0105, jaka reakcja nast\u0105pi?<\/p>\n","protected":false},"author":2,"featured_media":6003,"parent":7272,"menu_order":0,"comment_status":"closed","ping_status":"closed","template":"pt_oferta.php","meta":{"_links_to":"","_links_to_target":""},"_links":{"self":[{"href":"https:\/\/ecn.kielce.pl\/index.php\/wp-json\/wp\/v2\/pages\/7296"}],"collection":[{"href":"https:\/\/ecn.kielce.pl\/index.php\/wp-json\/wp\/v2\/pages"}],"about":[{"href":"https:\/\/ecn.kielce.pl\/index.php\/wp-json\/wp\/v2\/types\/page"}],"author":[{"embeddable":true,"href":"https:\/\/ecn.kielce.pl\/index.php\/wp-json\/wp\/v2\/users\/2"}],"replies":[{"embeddable":true,"href":"https:\/\/ecn.kielce.pl\/index.php\/wp-json\/wp\/v2\/comments?post=7296"}],"version-history":[{"count":1,"href":"https:\/\/ecn.kielce.pl\/index.php\/wp-json\/wp\/v2\/pages\/7296\/revisions"}],"predecessor-version":[{"id":7297,"href":"https:\/\/ecn.kielce.pl\/index.php\/wp-json\/wp\/v2\/pages\/7296\/revisions\/7297"}],"up":[{"embeddable":true,"href":"https:\/\/ecn.kielce.pl\/index.php\/wp-json\/wp\/v2\/pages\/7272"}],"wp:featuredmedia":[{"embeddable":true,"href":"https:\/\/ecn.kielce.pl\/index.php\/wp-json\/wp\/v2\/media\/6003"}],"wp:attachment":[{"href":"https:\/\/ecn.kielce.pl\/index.php\/wp-json\/wp\/v2\/media?parent=7296"}],"curies":[{"name":"wp","href":"https:\/\/api.w.org\/{rel}","templated":true}]}}