{"id":7288,"date":"2020-10-26T19:32:41","date_gmt":"2020-10-26T18:32:41","guid":{"rendered":"http:\/\/ecn.kielce.pl\/?page_id=7288"},"modified":"2020-10-26T19:32:42","modified_gmt":"2020-10-26T18:32:42","slug":"swiateczny-kurczaczek-na-rzezuche","status":"publish","type":"page","link":"https:\/\/ecn.kielce.pl\/index.php\/pl\/oferta\/ecn-on-line\/eksperymentuj-z-ecn\/swiateczny-kurczaczek-na-rzezuche\/","title":{"rendered":"\u015awi\u0105teczny kurczaczek na rze\u017cuch\u0119"},"content":{"rendered":"\n<p><strong>Jak zrobi\u0107 wielkanocnego kurczaczka, kt\u00f3ry pos\u0142u\u017cy jako podstawka pod rze\u017cuch\u0119 i wyj\u0105tkowa dekoracja \u015bwi\u0105teczna?<\/strong><\/p>\n\n\n\n<figure class=\"wp-block-embed-youtube wp-block-embed is-type-video is-provider-youtube wp-embed-aspect-16-9 wp-has-aspect-ratio\"><div class=\"wp-block-embed__wrapper\">\n<iframe title=\"Eksperymentuj z nami: \u015awi\u0105teczny kurczaczek na rze\u017cuch\u0119\" width=\"500\" height=\"281\" src=\"https:\/\/www.youtube.com\/embed\/2SP4bx3UcBM?feature=oembed\" frameborder=\"0\" allow=\"accelerometer; autoplay; clipboard-write; encrypted-media; gyroscope; picture-in-picture\" allowfullscreen><\/iframe>\n<\/div><\/figure>\n","protected":false},"excerpt":{"rendered":"<p>Jak zrobi\u0107 wielkanocnego kurczaczka, kt\u00f3ry pos\u0142u\u017cy jako podstawka pod rze\u017cuch\u0119 i wyj\u0105tkowa dekoracja \u015bwi\u0105teczna?<\/p>\n","protected":false},"author":2,"featured_media":5941,"parent":7272,"menu_order":0,"comment_status":"closed","ping_status":"closed","template":"pt_oferta.php","meta":{"_links_to":"","_links_to_target":""},"_links":{"self":[{"href":"https:\/\/ecn.kielce.pl\/index.php\/wp-json\/wp\/v2\/pages\/7288"}],"collection":[{"href":"https:\/\/ecn.kielce.pl\/index.php\/wp-json\/wp\/v2\/pages"}],"about":[{"href":"https:\/\/ecn.kielce.pl\/index.php\/wp-json\/wp\/v2\/types\/page"}],"author":[{"embeddable":true,"href":"https:\/\/ecn.kielce.pl\/index.php\/wp-json\/wp\/v2\/users\/2"}],"replies":[{"embeddable":true,"href":"https:\/\/ecn.kielce.pl\/index.php\/wp-json\/wp\/v2\/comments?post=7288"}],"version-history":[{"count":1,"href":"https:\/\/ecn.kielce.pl\/index.php\/wp-json\/wp\/v2\/pages\/7288\/revisions"}],"predecessor-version":[{"id":7289,"href":"https:\/\/ecn.kielce.pl\/index.php\/wp-json\/wp\/v2\/pages\/7288\/revisions\/7289"}],"up":[{"embeddable":true,"href":"https:\/\/ecn.kielce.pl\/index.php\/wp-json\/wp\/v2\/pages\/7272"}],"wp:featuredmedia":[{"embeddable":true,"href":"https:\/\/ecn.kielce.pl\/index.php\/wp-json\/wp\/v2\/media\/5941"}],"wp:attachment":[{"href":"https:\/\/ecn.kielce.pl\/index.php\/wp-json\/wp\/v2\/media?parent=7288"}],"curies":[{"name":"wp","href":"https:\/\/api.w.org\/{rel}","templated":true}]}}

Świąteczny kurczaczek na rzeżuchę

<p><strong>Jak zrobić wielkanocnego kurczaczka, który posłuży jako podstawka pod rzeżuchę i wyjątkowa dekoracja świąteczna?</strong></p>



<figure class="wp-block-embed-youtube wp-block-embed is-type-video is-provider-youtube wp-embed-aspect-16-9 wp-has-aspect-ratio"><div class="wp-block-embed__wrapper">
<iframe title="Eksperymentuj z nami: Świąteczny kurczaczek na rzeżuchę" width="500" height="281" src="https://www.youtube.com/embed/2SP4bx3UcBM?feature=oembed" frameborder="0" allow="accelerometer; autoplay; clipboard-write; encrypted-media; gyroscope; picture-in-picture" allowfullscreen></iframe>
</div></figure>

<p>Jak zrobić wielkanocnego kurczaczka, który posłuży jako podstawka pod rzeżuchę i wyjątkowa dekoracja świąteczna?</p>
