{"id":7276,"date":"2020-10-26T19:07:53","date_gmt":"2020-10-26T18:07:53","guid":{"rendered":"http:\/\/ecn.kielce.pl\/?page_id=7276"},"modified":"2020-10-26T19:07:54","modified_gmt":"2020-10-26T18:07:54","slug":"kipiacy-wulkan","status":"publish","type":"page","link":"https:\/\/ecn.kielce.pl\/index.php\/pl\/oferta\/ecn-on-line\/eksperymentuj-z-ecn\/kipiacy-wulkan\/","title":{"rendered":"Kipi\u0105cy wulkan"},"content":{"rendered":"\n<p><strong>Jak dokona\u0107 bezpiecznej erupcji wulkanicznej? W jaki spos\u00f3b przyczyni\u0105 si\u0119 do tego ocet i soda oczyszczona?<\/strong><\/p>\n<p><iframe title=\"Eksperymentuj z nami: Kipi\u0105cy wulkan\" width=\"500\" height=\"281\" src=\"https:\/\/www.youtube.com\/embed\/tv7hpr2FGXQ?feature=oembed\" frameborder=\"0\" allow=\"accelerometer; autoplay; clipboard-write; encrypted-media; gyroscope; picture-in-picture\" allowfullscreen><\/iframe><\/p>\n","protected":false},"excerpt":{"rendered":"<p>Jak dokona\u0107 bezpiecznej erupcji wulkanicznej? W jaki spos\u00f3b przyczyni\u0105 si\u0119 do tego ocet i soda oczyszczona?<\/p>\n","protected":false},"author":2,"featured_media":5808,"parent":7272,"menu_order":0,"comment_status":"closed","ping_status":"closed","template":"pt_oferta.php","meta":{"_links_to":"","_links_to_target":""},"_links":{"self":[{"href":"https:\/\/ecn.kielce.pl\/index.php\/wp-json\/wp\/v2\/pages\/7276"}],"collection":[{"href":"https:\/\/ecn.kielce.pl\/index.php\/wp-json\/wp\/v2\/pages"}],"about":[{"href":"https:\/\/ecn.kielce.pl\/index.php\/wp-json\/wp\/v2\/types\/page"}],"author":[{"embeddable":true,"href":"https:\/\/ecn.kielce.pl\/index.php\/wp-json\/wp\/v2\/users\/2"}],"replies":[{"embeddable":true,"href":"https:\/\/ecn.kielce.pl\/index.php\/wp-json\/wp\/v2\/comments?post=7276"}],"version-history":[{"count":1,"href":"https:\/\/ecn.kielce.pl\/index.php\/wp-json\/wp\/v2\/pages\/7276\/revisions"}],"predecessor-version":[{"id":7277,"href":"https:\/\/ecn.kielce.pl\/index.php\/wp-json\/wp\/v2\/pages\/7276\/revisions\/7277"}],"up":[{"embeddable":true,"href":"https:\/\/ecn.kielce.pl\/index.php\/wp-json\/wp\/v2\/pages\/7272"}],"wp:featuredmedia":[{"embeddable":true,"href":"https:\/\/ecn.kielce.pl\/index.php\/wp-json\/wp\/v2\/media\/5808"}],"wp:attachment":[{"href":"https:\/\/ecn.kielce.pl\/index.php\/wp-json\/wp\/v2\/media?parent=7276"}],"curies":[{"name":"wp","href":"https:\/\/api.w.org\/{rel}","templated":true}]}}