{"id":7033,"date":"2020-08-28T15:34:12","date_gmt":"2020-08-28T13:34:12","guid":{"rendered":"http:\/\/ecn.kielce.pl\/?page_id=7033"},"modified":"2020-08-28T15:34:13","modified_gmt":"2020-08-28T13:34:13","slug":"piatki-z-dobra-energia-rosliny-jadalne-wokol-nas","status":"publish","type":"page","link":"https:\/\/ecn.kielce.pl\/index.php\/pl\/oferta\/ecn-on-line\/piatki-z-dobra-energia\/piatki-z-dobra-energia-rosliny-jadalne-wokol-nas\/","title":{"rendered":"Pi\u0105tki z dobr\u0105 energi\u0105: Ro\u015bliny jadalne wok\u00f3\u0142 nas"},"content":{"rendered":"\n<h4><strong>Czy z przydro\u017cnych ro\u015blin mo\u017cna ugotowa\u0107 zup\u0119 albo przygotowa\u0107 kaw\u0119?<\/strong><\/h4>\n\n\n\n<hr class=\"wp-block-separator\"\/>\n\n\n\n<p>W kolejnym spotkaniu online wybierzemy si\u0119 w kulinarn\u0105 wypraw\u0119 do jadalnych ro\u015blin, kt\u00f3re s\u0105 na wyci\u0105gni\u0119cie r\u0119ki. Go\u015bciem \u201cPi\u0105tku z dobr\u0105 energi\u0105\u201d jest Bartosz Piwowarski, specjalista botanik, zajmuj\u0105cy si\u0119 od wielu lat badaniami szaty ro\u015blinnej regionu \u015bwi\u0119tokrzyskiego oraz ochron\u0105 przyrody; cz\u0142onek Rady Naukowej \u015awi\u0119tokrzyskiego Parku Narodowego i Polskiego Towarzystwa Botanicznego, zast\u0119pca kierownika Ogrodu Botanicznego w Kielcach.<\/p>\n\n\n\n<p>Materia\u0142 jest dost\u0119pny poni\u017cej:<\/p>\n\n\n\n<figure class=\"wp-block-embed-facebook wp-block-embed is-type-rich is-provider-facebook\"><div class=\"wp-block-embed__wrapper\">\n<div id=\"fb-root\"><\/div><script async=\"1\" defer=\"1\" crossorigin=\"anonymous\" src=\"https:\/\/connect.facebook.net\/pl_PL\/sdk.js#xfbml=1&amp;version=v8.0\" nonce=\"YAMSOFT4\"><\/script><div class=\"fb-post\" data-href=\"https:\/\/www.facebook.com\/ECN.KPT\/posts\/3457151380981719\" data-width=\"500\"><blockquote cite=\"https:\/\/www.facebook.com\/ECN.KPT\/posts\/3457151380981719\" class=\"fb-xfbml-parse-ignore\"><p>Lubimy spacerowa\u0107. Po \u0142\u0105ce, w parku, lesie&#8230; Ale czy id\u0105c na spacer, zastanawiali\u015bcie si\u0119 kiedy\u015b, jakie danie mo\u017cna&#8230;<\/p>Opublikowany przez <a href=\"https:\/\/www.facebook.com\/ECN.KPT\/\">Energetyczne Centrum Nauki<\/a>&nbsp;<a href=\"https:\/\/www.facebook.com\/ECN.KPT\/posts\/3457151380981719\">Pi\u0105tek, 10 lipca 2020<\/a><\/blockquote><\/div>\n<\/div><\/figure>\n","protected":false},"excerpt":{"rendered":"<p>Czy z przydro\u017cnych ro\u015blin mo\u017cna ugotowa\u0107 zup\u0119 albo przygotowa\u0107 kaw\u0119? W kolejnym spotkaniu online wybierzemy si\u0119 w kulinarn\u0105 wypraw\u0119 do jadalnych ro\u015blin, kt\u00f3re s\u0105 na wyci\u0105gni\u0119cie r\u0119ki. Go\u015bciem \u201cPi\u0105tku z dobr\u0105 energi\u0105\u201d jest Bartosz Piwowarski, specjalista botanik, zajmuj\u0105cy si\u0119 od wielu lat badaniami szaty ro\u015blinnej regionu \u015bwi\u0119tokrzyskiego oraz ochron\u0105 przyrody; cz\u0142onek Rady Naukowej \u015awi\u0119tokrzyskiego Parku [&hellip;]<\/p>\n","protected":false},"author":2,"featured_media":6618,"parent":6993,"menu_order":0,"comment_status":"closed","ping_status":"closed","template":"pt_oferta.php","meta":{"_links_to":"","_links_to_target":""},"_links":{"self":[{"href":"https:\/\/ecn.kielce.pl\/index.php\/wp-json\/wp\/v2\/pages\/7033"}],"collection":[{"href":"https:\/\/ecn.kielce.pl\/index.php\/wp-json\/wp\/v2\/pages"}],"about":[{"href":"https:\/\/ecn.kielce.pl\/index.php\/wp-json\/wp\/v2\/types\/page"}],"author":[{"embeddable":true,"href":"https:\/\/ecn.kielce.pl\/index.php\/wp-json\/wp\/v2\/users\/2"}],"replies":[{"embeddable":true,"href":"https:\/\/ecn.kielce.pl\/index.php\/wp-json\/wp\/v2\/comments?post=7033"}],"version-history":[{"count":1,"href":"https:\/\/ecn.kielce.pl\/index.php\/wp-json\/wp\/v2\/pages\/7033\/revisions"}],"predecessor-version":[{"id":7039,"href":"https:\/\/ecn.kielce.pl\/index.php\/wp-json\/wp\/v2\/pages\/7033\/revisions\/7039"}],"up":[{"embeddable":true,"href":"https:\/\/ecn.kielce.pl\/index.php\/wp-json\/wp\/v2\/pages\/6993"}],"wp:featuredmedia":[{"embeddable":true,"href":"https:\/\/ecn.kielce.pl\/index.php\/wp-json\/wp\/v2\/media\/6618"}],"wp:attachment":[{"href":"https:\/\/ecn.kielce.pl\/index.php\/wp-json\/wp\/v2\/media?parent=7033"}],"curies":[{"name":"wp","href":"https:\/\/api.w.org\/{rel}","templated":true}]}}