{"id":687,"date":"2016-03-07T19:41:55","date_gmt":"2016-03-07T18:41:55","guid":{"rendered":"http:\/\/ecn.kielce.pl\/?page_id=687"},"modified":"2025-07-04T11:29:36","modified_gmt":"2025-07-04T09:29:36","slug":"wystawa-warsztaty","status":"publish","type":"page","link":"https:\/\/ecn.kielce.pl\/index.php\/pl\/oferta\/grupy\/wystawa-warsztaty\/","title":{"rendered":"Wystawa + warsztaty"},"content":{"rendered":"<p>Oferta \u201eWystawa + warsztaty\u201d to zwiedzanie ekspozycji Energetycznego Centrum Nauki po\u0142\u0105czone z udzia\u0142em w warsztatach organizowanych w laboratorium \u201eGenerator Mocy\u201d. Zaj\u0119cia kierowane s\u0105 do uczni\u00f3w przedszkoli oraz szk\u00f3\u0142 podstawowych.<\/p>\n<p>Oferta \u201eWystawa + warsztaty\u201d dla grup zorganizowanych jest dost\u0119pna w <strong>od wtorku do pi\u0105tku<\/strong> o godz. <strong>10.30 oraz 12.30<\/strong>. Warsztaty mo\u017cna wybra\u0107 z naszej oferty<\/p>\n<p><strong>WARSZTATY DLA GRUP ZORGANIZOWANYCH NA ROK 2025\/2026 dost\u0119pnej <a href=\"https:\/\/ecn.kielce.pl\/index.php\/pl\/oferta\/grupy\/2112-2\/\">TUTAJ<\/a>.<\/strong><\/p>\n<p><strong>CENNIK dost\u0119pny <a href=\"https:\/\/ecn.kielce.pl\/index.php\/pl\/zaplanuj-wizyte\/ceny-biletow\/\">TUTAJ<\/a>.<\/strong><\/p>\n<p>Przed wizyt\u0105 prosimy o zapoznanie si\u0119 z regulaminem, obowi\u0105zuj\u0105cym w Energetycznym Centrum Nauki KPT <a href=\"https:\/\/ecn.kielce.pl\/index.php\/pl\/zaplanuj-wizyte\/regulamin-zwiedzania\/\">TUTAJ<\/a>.<\/p>\n<p><strong>REZERWACJE<\/strong><\/p>\n<p>Aby odwiedzi\u0107 ECN grupowo nale\u017cy wcze\u015bniej zarezerwowa\u0107 bilety. Zach\u0119camy r\u00f3wnie\u017c go\u015bci indywidualnie zwiedzaj\u0105cych do upewnienia si\u0119 czy w wybranym terminie miejsca s\u0105 dost\u0119pne. Rezerwacji dla grup mo\u017cna dokona\u0107 mailowo na adres <strong>rezerwacjeecn@technopark.kielce.pl<\/strong>.<\/p>\n<p>Wszelkich informacji na temat zakupu bilet\u00f3w i rezerwacji miejsc udzielamy pod numerem <strong>41 278 72 50<\/strong>.<\/p>\n","protected":false},"excerpt":{"rendered":"<p>Oferta \u201eWystawa + warsztaty\u201d to zwiedzanie ekspozycji Energetycznego Centrum Nauki po\u0142\u0105czone z udzia\u0142em w warsztatach organizowanych w laboratorium \u201eGenerator Mocy\u201d. Zaj\u0119cia kierowane s\u0105 do uczni\u00f3w przedszkoli oraz szk\u00f3\u0142 podstawowych. Oferta \u201eWystawa + warsztaty\u201d dla grup zorganizowanych jest dost\u0119pna w od wtorku do pi\u0105tku o godz. 10.30 oraz 12.30. Warsztaty mo\u017cna wybra\u0107 z naszej oferty WARSZTATY [&hellip;]<\/p>\n","protected":false},"author":2,"featured_media":11489,"parent":58,"menu_order":0,"comment_status":"closed","ping_status":"closed","template":"pt_oferta.php","meta":{"_links_to":"","_links_to_target":""},"_links":{"self":[{"href":"https:\/\/ecn.kielce.pl\/index.php\/wp-json\/wp\/v2\/pages\/687"}],"collection":[{"href":"https:\/\/ecn.kielce.pl\/index.php\/wp-json\/wp\/v2\/pages"}],"about":[{"href":"https:\/\/ecn.kielce.pl\/index.php\/wp-json\/wp\/v2\/types\/page"}],"author":[{"embeddable":true,"href":"https:\/\/ecn.kielce.pl\/index.php\/wp-json\/wp\/v2\/users\/2"}],"replies":[{"embeddable":true,"href":"https:\/\/ecn.kielce.pl\/index.php\/wp-json\/wp\/v2\/comments?post=687"}],"version-history":[{"count":26,"href":"https:\/\/ecn.kielce.pl\/index.php\/wp-json\/wp\/v2\/pages\/687\/revisions"}],"predecessor-version":[{"id":11945,"href":"https:\/\/ecn.kielce.pl\/index.php\/wp-json\/wp\/v2\/pages\/687\/revisions\/11945"}],"up":[{"embeddable":true,"href":"https:\/\/ecn.kielce.pl\/index.php\/wp-json\/wp\/v2\/pages\/58"}],"wp:featuredmedia":[{"embeddable":true,"href":"https:\/\/ecn.kielce.pl\/index.php\/wp-json\/wp\/v2\/media\/11489"}],"wp:attachment":[{"href":"https:\/\/ecn.kielce.pl\/index.php\/wp-json\/wp\/v2\/media?parent=687"}],"curies":[{"name":"wp","href":"https:\/\/api.w.org\/{rel}","templated":true}]}}