{"id":41,"date":"2016-02-21T16:49:53","date_gmt":"2016-02-21T15:49:53","guid":{"rendered":"http:\/\/ecn.dev\/?page_id=41"},"modified":"2025-07-04T11:27:13","modified_gmt":"2025-07-04T09:27:13","slug":"ogrod-3","status":"publish","type":"page","link":"https:\/\/ecn.kielce.pl\/index.php\/pl\/odkrywaj\/ogrod-3\/","title":{"rendered":"Energetyczny Ogr\u00f3d Do\u015bwiadcze\u0144"},"content":{"rendered":"<p><strong>W tej zielonej enklawie, nauka przeplata si\u0119 z zabaw\u0105, relaksem i odpoczynkiem.<\/strong><\/p>\n<p>Znajduj\u0105 si\u0119 tutaj: si\u0142ownia dla spragnionych \u0107wicze\u0144 i wyzwa\u0144 ruchowych, zje\u017cd\u017calnie wykorzystuj\u0105ce r\u00f3\u017cnice poziom\u00f3w terenu, trampolina oraz karuzela nap\u0119dzana w zupe\u0142nie nietypowy spos\u00f3b.<\/p>\n<p>Do dyspozycji odwiedzaj\u0105cych Energetyczny Ogr\u00f3d Do\u015bwiadcze\u0144 oddali\u015bmy r\u00f3wnowa\u017cni\u0119, ponad trzydziestometrow\u0105 tyrolk\u0119, litery do wspinania oraz kolorow\u0105 stref\u0119 optyczn\u0105 i kilka innych interaktywnych atrakcji.<\/p>\n<p>Zbudowali\u015bmy tak\u017ce podwy\u017cszon\u0105 scen\u0119, umo\u017cliwiaj\u0105c\u0105 organizacj\u0119 event\u00f3w, a kiedy na dworze jest ciep\u0142o, wieczorami rozk\u0142adamy pomara\u0144czowe le\u017caki, du\u017cy, pompowany ekran i zapraszamy na ciekawe projekcje filmowe do energetycznego, letniego kina. Ch\u0119tni mog\u0105\u00a0 skorzysta\u0107 ze strefy relaksu \u2013 2 altan z grillem.<\/p>\n<p><strong>Podczas wakacji mo\u017cesz tu spotka\u0107 naszych szalonych animator\u00f3w.<\/strong><\/p>\n<p>Ogr\u00f3d jest dost\u0119pny <strong>bezp\u0142atnie<\/strong>\u00a0w miesi\u0105cach od marca do pa\u017adziernika, w nast\u0119puj\u0105cych godzinach:<\/p>\n<table style=\"height: 157px;\" width=\"516\">\n<tbody>\n<tr>\n<th>Miesi\u0105c<\/th>\n<th><strong>PONIEDZIA\u0141EK &#8211; PI\u0104TEK<\/strong><\/th>\n<th><strong>SOBOTA &#8211; NIEDZIELA<\/strong><\/th>\n<\/tr>\n<tr>\n<td><strong>MARZEC<\/strong><\/td>\n<td>8:00 &#8211; 17:00<\/td>\n<td>8:00 &#8211; 18:00<\/td>\n<\/tr>\n<tr>\n<td><strong>KWIECIE\u0143<\/strong><\/td>\n<td>8:00 &#8211; 19:00<\/td>\n<td>8:00 &#8211; 19:00<\/td>\n<\/tr>\n<tr>\n<td><strong>MAJ<\/strong><\/td>\n<td>8:00 &#8211; 19:00<\/td>\n<td>8:00 &#8211; 19:00<\/td>\n<\/tr>\n<tr>\n<td><strong>CZERWIEC<\/strong><\/td>\n<td>8:00 &#8211; 19:00<\/td>\n<td>8:00 &#8211; 20:00<\/td>\n<\/tr>\n<tr>\n<td><strong>LIPIEC<\/strong><\/td>\n<td>8:00 &#8211; 19:00<\/td>\n<td>8:00 &#8211; 20:00<\/td>\n<\/tr>\n<tr>\n<td><strong>SIERPIE\u0143<\/strong><\/td>\n<td>8:00 &#8211; 19:00<\/td>\n<td>8:00 &#8211; 20:00<\/td>\n<\/tr>\n<tr>\n<td><strong>WRZESIE\u0143<\/strong><\/td>\n<td>8:00 &#8211; 17:00<\/td>\n<td>8:00 &#8211; 19:00<\/td>\n<\/tr>\n<tr>\n<td><strong>PA\u0179DZIERNIK<\/strong><\/td>\n<td>8:00 &#8211; 15:00<\/td>\n<td>8:00 &#8211; 17:00<\/td>\n<\/tr>\n<\/tbody>\n<\/table>\n<p>Korzystanie z ogrodu jest r\u00f3wnoznaczne z akceptacj\u0105 regulaminu.<\/p>\n<p>Regulamin zwiedzania Energetycznego Ogrodu Do\u015bwiadcze\u0144 (do pobrania):<\/p>\n<p><a class=\"brand-btn brand-btn--grey-light btn-pdf\" href=\"http:\/\/ecn.kielce.pl\/Regulamin-zwiedzania-Energetycznego-Ogrodu-Do%C5%9Bwiadcze%C5%84.pdf\"><span class=\"brand-btn-action btn-pdf ecn-btn-wide\">Pobierz &#8211; PDF (317KB)<\/span><\/a><\/p>\n","protected":false},"excerpt":{"rendered":"<p>W tej zielonej enklawie, nauka przeplata si\u0119 z zabaw\u0105, relaksem i odpoczynkiem. Znajduj\u0105 si\u0119 tutaj: si\u0142ownia dla spragnionych \u0107wicze\u0144 i wyzwa\u0144 ruchowych, zje\u017cd\u017calnie wykorzystuj\u0105ce r\u00f3\u017cnice poziom\u00f3w terenu, trampolina oraz karuzela nap\u0119dzana w zupe\u0142nie nietypowy spos\u00f3b. Do dyspozycji odwiedzaj\u0105cych Energetyczny Ogr\u00f3d Do\u015bwiadcze\u0144 oddali\u015bmy r\u00f3wnowa\u017cni\u0119, ponad trzydziestometrow\u0105 tyrolk\u0119, litery do wspinania oraz kolorow\u0105 stref\u0119 optyczn\u0105 i kilka [&hellip;]<\/p>\n","protected":false},"author":1,"featured_media":6132,"parent":33,"menu_order":4,"comment_status":"closed","ping_status":"closed","template":"pt_odkrywaj.php","meta":{"_links_to":"","_links_to_target":""},"_links":{"self":[{"href":"https:\/\/ecn.kielce.pl\/index.php\/wp-json\/wp\/v2\/pages\/41"}],"collection":[{"href":"https:\/\/ecn.kielce.pl\/index.php\/wp-json\/wp\/v2\/pages"}],"about":[{"href":"https:\/\/ecn.kielce.pl\/index.php\/wp-json\/wp\/v2\/types\/page"}],"author":[{"embeddable":true,"href":"https:\/\/ecn.kielce.pl\/index.php\/wp-json\/wp\/v2\/users\/1"}],"replies":[{"embeddable":true,"href":"https:\/\/ecn.kielce.pl\/index.php\/wp-json\/wp\/v2\/comments?post=41"}],"version-history":[{"count":12,"href":"https:\/\/ecn.kielce.pl\/index.php\/wp-json\/wp\/v2\/pages\/41\/revisions"}],"predecessor-version":[{"id":11941,"href":"https:\/\/ecn.kielce.pl\/index.php\/wp-json\/wp\/v2\/pages\/41\/revisions\/11941"}],"up":[{"embeddable":true,"href":"https:\/\/ecn.kielce.pl\/index.php\/wp-json\/wp\/v2\/pages\/33"}],"wp:featuredmedia":[{"embeddable":true,"href":"https:\/\/ecn.kielce.pl\/index.php\/wp-json\/wp\/v2\/media\/6132"}],"wp:attachment":[{"href":"https:\/\/ecn.kielce.pl\/index.php\/wp-json\/wp\/v2\/media?parent=41"}],"curies":[{"name":"wp","href":"https:\/\/api.w.org\/{rel}","templated":true}]}}