{"id":23,"date":"2016-02-21T15:26:02","date_gmt":"2016-02-21T14:26:02","guid":{"rendered":"http:\/\/ecn.dev\/?page_id=23"},"modified":"2026-03-13T12:06:01","modified_gmt":"2026-03-13T11:06:01","slug":"regulamin-zwiedzania","status":"publish","type":"page","link":"https:\/\/ecn.kielce.pl\/index.php\/pl\/ecn-to-my\/regulamin-zwiedzania\/","title":{"rendered":"Regulaminy i dokumenty"},"content":{"rendered":"<p><strong>Standardy Ochrony Ma\u0142oletnich:<\/strong><\/p>\n<p><a href=\"http:\/\/ecn.kielce.pl\/wp-content\/uploads\/2024\/09\/Standardy-Ochrony-Maloletnich.pdf\"><span class=\"brand-btn-action btn-pdf ecn-btn-wide ecn-btn-red\">Pobierz<\/span><\/a><\/p>\n<p>\u00a0<\/p>\n<p>\u00a0<\/p>\n<p><strong>POLITYKA PRYWATNO\u015aCI I STOSOWANIA PLIK\u00d3W COOKIES:<\/strong><\/p>\n<p><a href=\"https:\/\/ecn.kielce.pl\/wp-content\/uploads\/2021\/03\/Polityka-prywatnosci.pdf\"><span class=\"brand-btn-action btn-pdf ecn-btn-wide ecn-btn-red\">Pobierz<\/span><\/a><\/p>\n<p>\u00a0<\/p>\n<p>\u00a0<\/p>\n<p><strong>POLITYKA PRYWATNO\u015aCI I STOSOWANIA PLIK\u00d3W COOKIES US\u0141UGI KUP BILET:<\/strong><\/p>\n<p><a href=\"http:\/\/ecn.kielce.pl\/wp-content\/uploads\/2026\/03\/Polityka-prywatnosci-uslugi-Kup-Bilet_-ECN-3.2021.pdf\"><span class=\"brand-btn-action btn-pdf ecn-btn-wide ecn-btn-red\">Pobierz<\/span><\/a><\/p>\n<p>\u00a0<\/p>\n<p>\u00a0<\/p>\n<p><strong>Regulamin zwiedzania Energetycznego Centrum Nauki:<\/strong><\/p>\n<p><a href=\"http:\/\/ecn.kielce.pl\/wp-content\/uploads\/2026\/01\/Zarz.33.2025_ECN_Regulamin-zwiedzania-ECN-z-cennikiem_od-01.01.2026_2025-12-15-z-zal.pdf\"><span class=\"brand-btn-action btn-pdf ecn-btn-wide ecn-btn-red\">Pobierz<\/span><\/a><\/p>\n<p>\u00a0<\/p>\n<p>\u00a0<\/p>\n<p><strong>Regulamin zwiedzania Energetycznego Ogrodu Do\u015bwiadcze\u0144:<\/strong><\/p>\n<p><a class=\"brand-btn brand-btn--grey-light btn-pdf\" href=\"http:\/\/ecn.kielce.pl\/Regulamin-zwiedzania-Energetycznego-Ogrodu-Do%C5%9Bwiadcze%C5%84.pdf\"><span class=\"brand-btn-action btn-pdf ecn-btn-wide\">Pobierz<\/span><\/a><\/p>\n<p>\u00a0<\/p>\n<p>\u00a0<\/p>\n<p><strong>Regulamin sprzeda\u017cy bilet\u00f3w online:<\/strong><\/p>\n<p><a href=\"http:\/\/ecn.kielce.pl\/wp-content\/uploads\/2025\/01\/regulamin-sprzedazy-biletow-online.pdf\"><span class=\"brand-btn-action btn-pdf ecn-btn-wide ecn-btn-red\">Pobierz<\/span><\/a><\/p>\n<p>\u00a0<\/p>\n<p>\u00a0<\/p>\n<p><strong>Deklaracja dost\u0119pno\u015bci:<\/strong><\/p>\n<p><a href=\"http:\/\/ecn.kielce.pl\/wp-content\/uploads\/2024\/08\/Deklaracja-dostepnosci.pdf\"><span class=\"brand-btn-action btn-pdf ecn-btn-wide ecn-btn-red\">Pobierz<\/span><\/a><\/p>\n<p>\u00a0<\/p>\n<p>\u00a0<\/p>\n<p><strong>Regulamin pikniku rodzinnego &#8220;KOSMOS&#8221;:<\/strong><\/p>\n<p><a href=\"http:\/\/ecn.kielce.pl\/wp-content\/uploads\/2025\/08\/ecn.kielce.pl_.regulamin_pikniku_rodzinnego_kosmos_30.08.2025.pdf\"><span class=\"brand-btn-action btn-pdf ecn-btn-wide ecn-btn-red\">Pobierz<\/span><\/a><\/p>\n<p>\u00a0<\/p>\n<p>\u00a0<\/p>\n<p><strong>Zarz\u0105dzenie zwi\u0105zane z 34. Fina\u0142em Wielkiej Orkiestry \u015awi\u0105tecznej Pomocy:<\/strong><\/p>\n<p><a href=\"http:\/\/ecn.kielce.pl\/wp-content\/uploads\/2026\/01\/Zarz.05.2026_KPT-DOA.021.5.2025_ECN_wstep-wolny_WOSP-25.01.2025_2026-01-21.pdf\"><span class=\"brand-btn-action btn-pdf ecn-btn-wide ecn-btn-red\">Pobierz<\/span><\/a><\/p>\n<p>\u00a0<\/p>\n<p>\u00a0<\/p>\n<p>Procedura oraz o\u015bwiadczenie &#8211; COVID-19<\/p>\n<p><strong>DECYZJ\u0104 DYREKTORA KPT PROCEDURA WSTRZYMANA DO ODWO\u0141ANIA<\/strong><\/p>\n<p>Przed wizyt\u0105 w ECN prosimy o zapoznanie si\u0119 z Procedur\u0105 okre\u015blaj\u0105c\u0105 zasady bezpiecze\u0144stwa pracy Energetycznego Centrum Nauki Kieleckiego Parku Technologicznego w stanie epidemii COVID-19.<\/p>\n<p>Procedura okre\u015blaj\u0105ca zasady bezpiecze\u0144stwa &#8211; COVID-19 &#8211; <a href=\"http:\/\/ecn.kielce.pl\/wp-content\/uploads\/2021\/02\/Procedura-okreslajaca-zasady-bezpieczenstwa-ECN-od-2021-02-25.pdf\">ZOBACZ<\/a><\/p>\n<p>O\u015bwiadczenie ECN &#8211; COVID-19 &#8211; <a href=\"http:\/\/ecn.kielce.pl\/wp-content\/uploads\/2020\/06\/oswiadczenie_ecn_covid-19.pdf\">ZOBACZ<\/a><\/p>\n<p>\u00a0<\/p>\n<div style=\"clear: both;\">\u00a0<\/div>\n<p>\u00a0<\/p>\n\n\n<p><\/p>\n","protected":false},"excerpt":{"rendered":"<p>Standardy Ochrony Ma\u0142oletnich: Pobierz \u00a0 \u00a0 POLITYKA PRYWATNO\u015aCI I STOSOWANIA PLIK\u00d3W COOKIES: Pobierz \u00a0 \u00a0 POLITYKA PRYWATNO\u015aCI I STOSOWANIA PLIK\u00d3W COOKIES US\u0141UGI KUP BILET: Pobierz \u00a0 \u00a0 Regulamin zwiedzania Energetycznego Centrum Nauki: Pobierz \u00a0 \u00a0 Regulamin zwiedzania Energetycznego Ogrodu Do\u015bwiadcze\u0144: Pobierz \u00a0 \u00a0 Regulamin sprzeda\u017cy bilet\u00f3w online: Pobierz \u00a0 \u00a0 Deklaracja dost\u0119pno\u015bci: Pobierz \u00a0 \u00a0 [&hellip;]<\/p>\n","protected":false},"author":1,"featured_media":0,"parent":60,"menu_order":5,"comment_status":"closed","ping_status":"closed","template":"pt_ecn_to_my.php","meta":{"_links_to":"","_links_to_target":""},"_links":{"self":[{"href":"https:\/\/ecn.kielce.pl\/index.php\/wp-json\/wp\/v2\/pages\/23"}],"collection":[{"href":"https:\/\/ecn.kielce.pl\/index.php\/wp-json\/wp\/v2\/pages"}],"about":[{"href":"https:\/\/ecn.kielce.pl\/index.php\/wp-json\/wp\/v2\/types\/page"}],"author":[{"embeddable":true,"href":"https:\/\/ecn.kielce.pl\/index.php\/wp-json\/wp\/v2\/users\/1"}],"replies":[{"embeddable":true,"href":"https:\/\/ecn.kielce.pl\/index.php\/wp-json\/wp\/v2\/comments?post=23"}],"version-history":[{"count":87,"href":"https:\/\/ecn.kielce.pl\/index.php\/wp-json\/wp\/v2\/pages\/23\/revisions"}],"predecessor-version":[{"id":12723,"href":"https:\/\/ecn.kielce.pl\/index.php\/wp-json\/wp\/v2\/pages\/23\/revisions\/12723"}],"up":[{"embeddable":true,"href":"https:\/\/ecn.kielce.pl\/index.php\/wp-json\/wp\/v2\/pages\/60"}],"wp:attachment":[{"href":"https:\/\/ecn.kielce.pl\/index.php\/wp-json\/wp\/v2\/media?parent=23"}],"curies":[{"name":"wp","href":"https:\/\/api.w.org\/{rel}","templated":true}]}}