{"id":15,"date":"2016-02-21T15:23:34","date_gmt":"2016-02-21T14:23:34","guid":{"rendered":"http:\/\/ecn.dev\/?page_id=15"},"modified":"2026-03-10T10:23:13","modified_gmt":"2026-03-10T09:23:13","slug":"1-godziny-otwarcia","status":"publish","type":"page","link":"https:\/\/ecn.kielce.pl\/index.php\/pl\/zaplanuj-wizyte\/1-godziny-otwarcia\/","title":{"rendered":"Godziny otwarcia"},"content":{"rendered":"\n<p><strong>GODZINY ZWIEDZANIA ECN<br \/><\/strong><\/p>\n<hr \/>\n<p><!--more--><\/p>\n<p><strong>Harmonogram w roku szkolnym<br \/><br \/>PONIEDZIA\u0141EK<\/strong><br \/>ECN nieczynny, dzie\u0144 techniczny, wystawa nie jest udost\u0119pniania, ale jeste\u015bmy dost\u0119pni pod nr 41 278 72 50 lub mailowo: rezerwacjeecn@technopark.kielce.pl<\/p>\n<p><strong>WTOREK \u2013 PI\u0104TEK<\/strong><br \/>08:30 \u2013 10:00 wystawa\/warsztaty dla grup zorganizowanych<br \/>10:30 \u2013 12:00 wystawa\/warsztaty dla grup zorganizowanych<br \/>12:30 \u2013 14:00 wystawa\/warsztaty dla grup zorganizowanych<br \/>14:30 \u2013 16:00 wystawa<\/p>\n<p><strong>SOBOTA \u2013 NIEDZIELA<\/strong><br \/>10.00 \u2013 10.45 wystawa<br \/>11.00 \u2013 11.45 wystawa<br \/>12.00 \u2013 12.45 wystawa<br \/>13.00 \u2013 13.45 wystawa\/warsztaty dla go\u015bci indywidualnych<br \/>14.00 \u2013 14.45 wystawa<br \/>15.00 \u2013 15.45 wystawa<br \/>16.00 \u2013 16.45 wystawa<br \/><br \/><\/p>\n<p><strong>Harmonogram w okresie ferii zimowych i wakacji:<br \/><\/strong><\/p>\n<p><strong>PONIEDZIA\u0141EK<br \/><\/strong>ECN nieczynny, dzie\u0144 techniczny, wystawa nie jest udost\u0119pniania, ale jeste\u015bmy dost\u0119pni pod nr 41 278 72 50 lub mailowo: rezerwacjeecn@technopark.kielce.pl<\/p>\n<p><strong>WTOREK \u2013 PI\u0104TEK<br \/><\/strong>09:00 \u2013 09:45 wystawa\u00a0<br \/>10:00 \u2013 11:30 <a href=\"https:\/\/ecn.kielce.pl\/index.php\/pl\/oferta\/grupy\/2112-2\/\" data-wplink-edit=\"true\">warsztaty + wystawa dla grup<\/a><br \/>10:00 \u2013 10:45 wystawa<br \/>11:00 \u2013 11:45 wystawa<br \/>12:00 \u2013 12:45 wystawa<br \/>13:00 \u2013 13:45 <a href=\"https:\/\/ecn.kielce.pl\/index.php\/pl\/oferta\/osoby-indywidualne\/warsztaty-2\/warsztaty-familijne\/\">warsztaty familijne<\/a><br \/>13:00 \u2013 13:45 wystawa<br \/>14:00 \u2013 14:45 wystawa<br \/>15:00 \u2013 15:45 wystawa<\/p>\n<p><strong>SOBOTA \u2013 NIEDZIELA<br \/><\/strong>10.00 \u2013 10.45 wystawa<br \/>11.00 \u2013 11.45 wystawa<br \/>12.00 \u2013 12.45 wystawa<br \/>13.00 \u2013 13.45 wystawa\/warsztaty dla go\u015bci indywidualnych<br \/>14.00 \u2013 14.45 wystawa<br \/>15.00 \u2013 15.45 wystawa<br \/>16.00 \u2013 16.45 wystawa<\/p>\n<hr \/>\n<p><strong>UWAGA! W przypadku tur 90 minutowych ostatnie wej\u015bcie na wystaw\u0119 jest mo\u017cliwe maksymalnie p\u00f3\u0142 godziny po rozpocz\u0119ciu sesji zwiedzania.<\/strong><\/p>\n<p><em><strong>Sklepik naukowy i kasy Centrum s\u0105 czynne: od wtorku do pi\u0105tku w godz.: 8.30 &#8211; 15.00, oraz w soboty i niedziele w godz. 09.30 &#8211; 16.00.<br \/><br \/>W weekendy, w godzinach 10:00\u201312:00 oraz 14:30\u201316:30, wystawa jest niedost\u0119pna wy\u0142\u0105cznie w przypadku organizacji przyj\u0119\u0107 urodzinowych.<\/strong><\/em><\/p>\n<hr \/>\n<p>* UWAGA! Godziny otwarcia mog\u0105 ulec zmianie w wypadku np. ferii zimowych lub wakacji. Aktualne informacje b\u0119d\u0105 podawane w Aktualno\u015bciach.<\/p>\n","protected":false},"excerpt":{"rendered":"<p>GODZINY ZWIEDZANIA ECN<\/p>\n","protected":false},"author":1,"featured_media":0,"parent":13,"menu_order":1,"comment_status":"closed","ping_status":"closed","template":"pt_zaplanuj.php","meta":{"_links_to":"","_links_to_target":""},"_links":{"self":[{"href":"https:\/\/ecn.kielce.pl\/index.php\/wp-json\/wp\/v2\/pages\/15"}],"collection":[{"href":"https:\/\/ecn.kielce.pl\/index.php\/wp-json\/wp\/v2\/pages"}],"about":[{"href":"https:\/\/ecn.kielce.pl\/index.php\/wp-json\/wp\/v2\/types\/page"}],"author":[{"embeddable":true,"href":"https:\/\/ecn.kielce.pl\/index.php\/wp-json\/wp\/v2\/users\/1"}],"replies":[{"embeddable":true,"href":"https:\/\/ecn.kielce.pl\/index.php\/wp-json\/wp\/v2\/comments?post=15"}],"version-history":[{"count":203,"href":"https:\/\/ecn.kielce.pl\/index.php\/wp-json\/wp\/v2\/pages\/15\/revisions"}],"predecessor-version":[{"id":12717,"href":"https:\/\/ecn.kielce.pl\/index.php\/wp-json\/wp\/v2\/pages\/15\/revisions\/12717"}],"up":[{"embeddable":true,"href":"https:\/\/ecn.kielce.pl\/index.php\/wp-json\/wp\/v2\/pages\/13"}],"wp:attachment":[{"href":"https:\/\/ecn.kielce.pl\/index.php\/wp-json\/wp\/v2\/media?parent=15"}],"curies":[{"name":"wp","href":"https:\/\/api.w.org\/{rel}","templated":true}]}}